{"id":3408,"date":"2021-01-15T16:34:20","date_gmt":"2021-01-15T16:34:20","guid":{"rendered":"https:\/\/iwk.de\/?page_id=3408"},"modified":"2021-02-12T10:21:36","modified_gmt":"2021-02-12T10:21:36","slug":"erfolgsstories","status":"publish","type":"page","link":"https:\/\/vipgo.atsautomation.com\/iwk-de\/%20%20\/erfolgsstories\/","title":{"rendered":"ERFOLGSSTORIES"},"content":{"rendered":"<div class=\"home-main row\">\n<h2>Der Erfolg unserer Kunden ist unser Antrieb<\/h2>\n<\/div>\n<div class=\"glance-second\">\n<div class=\"home-main row\">\n<details>\n<summary>PIERRE FABRE \u2013 IWK KONNTE MIT FLEXIBLEN SYSTEMEN \u00dcBERZEUGEN<\/summary>\n<div class=\"faq__content\">\n<p>Das international t\u00e4tige Pharmazie- und Kosmetik-Unternehmen Laboratoires Pierre Fabre aus Frankreich war auf der Suche nach einer schnellen Verpackungsl\u00f6sung f\u00fcr Kosmetik-Cremes des Labels \u2013 IWK konnte mit flexiblen Systemen und intensivem Teamwork \u00fcberzeugen.<\/p>\n<p><a href=\"https:\/\/iwk.de\/wp-content\/uploads\/sites\/22\/2021\/02\/IWK_SuccessStory_PFabre_DE.pdf\" class=\"downloadLink\" target=\"_blank\" rel=\"noopener\">Download<\/a><\/p>\n<\/div>\n<\/details>\n<details>\n<summary>DEUTSCHER VERPACKUNGSPREIS 2017 F\u00dcR IWK COBOT-SYSTEME<\/summary>\n<div class=\"faq__content\">\n<div class=\"col-xs-12\">\n<p>Am 26.09.2017 zeichnete das Deutsche Verpackungsinstitut e. V. die besten L\u00f6sungen und Innovationen rund um die Verpackung mit dem Deutschen Verpackungspreis 2017 aus. Dazu kann sich nun auch das Cobot-System der IWK Verpackungstechnik GmbH z\u00e4hlen.<\/p>\n<p><a href=\"https:\/\/iwk.de\/wp-content\/uploads\/sites\/22\/2021\/02\/IWK_SuccessStory_DVP_2017_DE.pdf\" class=\"downloadLink\" target=\"_blank\" rel=\"noopener\">Download<\/a><\/p>\n<\/div>\n<div class=\"col-xs-4\"><img loading=\"lazy\" decoding=\"async\" class=\"alignleft size-full wp-image-1197\" src=\"https:\/\/iwk.de\/wp-content\/uploads\/sites\/22\/2021\/01\/one.jpg\" alt=\"\" width=\"250\" height=\"167\" \/><\/div>\n<\/div>\n<\/details>\n<details>\n<summary>\u201eSTATE OF THE ART\u201c-TEILEFERTIGUNG BEI IWK<\/summary>\n<div class=\"faq__content\">\n<div class=\"col-xs-12\">\n<p>Durch die aktuelle Investition in eine neue CNC Drehmaschine ist IWK auch in der Fertigung von Teilen \u201eState of the Art\u201c. Je nach Zeichnung bearbeitet die neue CNC Maschine ein Teilespektrum welches auch in den Zykloiden der IWK Kartoniermaschinen als Kernkompetenzteil verbaut wird.<\/p>\n<p><a href=\"https:\/\/iwk.de\/wp-content\/uploads\/sites\/22\/2021\/02\/IWK_SuccessStory_State_of_the_art.pdf\" class=\"downloadLink\" target=\"_blank\" rel=\"noopener\">Download<\/a><\/p>\n<\/div>\n<div class=\"col-xs-4\"><img loading=\"lazy\" decoding=\"async\" class=\"alignleft size-full wp-image-1199\" src=\"https:\/\/iwk.de\/wp-content\/uploads\/sites\/22\/2021\/01\/story_stateofart.jpg\" alt=\"\" width=\"250\" height=\"166\" \/><\/div>\n<\/div>\n<\/details>\n<details>\n<summary>INNOVATION F\u00dcR DIE STERILE ABF\u00dcLLUNG VON TUBEN<\/summary>\n<div class=\"faq__content\">\n<div class=\"col-xs-12\">\n<p>Die neueste IWK Innovation im Bereich der Tubenf\u00fcller er\u00f6ffnet dem Kosmetik- und Pharmabereich mit seinen sensiblen Produkten und hohen Hygienestandards neue Verpackungsm\u00f6glichkeiten.<\/p>\n<p><a href=\"https:\/\/iwk.de\/wp-content\/uploads\/sites\/22\/2021\/02\/IWK_Sterilbefuellung-von-Tuben_2015-07_DE.pdf\" class=\"downloadLink\" target=\"_blank\" rel=\"noopener\">Download<\/a><\/p>\n<\/div>\n<div class=\"col-xs-4\"><img loading=\"lazy\" decoding=\"async\" class=\"alignleft size-full wp-image-1201\" src=\"https:\/\/iwk.de\/wp-content\/uploads\/sites\/22\/2021\/01\/Sterile_-_Dosing.jpg\" alt=\"\" width=\"250\" height=\"375\" srcset=\"https:\/\/vipgo.atsautomation.com\/iwk-de\/%20%20\/wp-content\/uploads\/sites\/22\/2021\/01\/Sterile_-_Dosing.jpg 250w, https:\/\/vipgo.atsautomation.com\/iwk-de\/%20%20\/wp-content\/uploads\/sites\/22\/2021\/01\/Sterile_-_Dosing.jpg?resize=200,300 200w\" sizes=\"auto, (max-width: 250px) 100vw, 250px\" \/><\/div>\n<\/div>\n<\/details>\n<details>\n<summary>GUT VERPACKT: UHU<\/summary>\n<div class=\"faq__content\">\n<div class=\"col-xs-12\">\n<p>Durch die aktuelle Investition in eine neue CNC Drehmaschine ist IWK auch in der Fertigung von Teilen \u201eState of the Art\u201c. Je nach Zeichnung bearbeitet die neue CNC Maschine ein Teilespektrum welches auch in den Zykloiden der IWK Kartoniermaschinen als Kernkompetenzteil verbaut wird.<\/p>\n<p><a href=\"https:\/\/iwk.de\/wp-content\/uploads\/sites\/22\/2021\/02\/IWK_SuccessStory_2015_05_28.pdf\" class=\"downloadLink\" target=\"_blank\" rel=\"noopener\">Download<\/a><\/p>\n<\/div>\n<div class=\"col-xs-4\"><img loading=\"lazy\" decoding=\"async\" class=\"alignleft size-full wp-image-1203\" src=\"https:\/\/iwk.de\/wp-content\/uploads\/sites\/22\/2021\/01\/Tubes.jpg\" alt=\"\" width=\"250\" height=\"242\" \/><\/div>\n<\/div>\n<\/details>\n<p><a class=\"backLink\" href=\"https:\/\/iwk.de\/de\/iwk-auf-einen-blick\/\" target=\"_self\" rel=\"noopener\">ZUR\u00dcCK ZU \u201eABOUT\u201c<\/a><\/p>\n<\/div>\n<\/div>\n","protected":false},"excerpt":{"rendered":"<p>Der Erfolg unserer Kunden ist unser Antrieb PIERRE FABRE \u2013 IWK KONNTE MIT FLEXIBLEN SYSTEMEN \u00dcBERZEUGEN Das international t\u00e4tige Pharmazie- und Kosmetik-Unternehmen Laboratoires Pierre Fabre aus Frankreich war auf der Suche nach einer schnellen Verpackungsl\u00f6sung f\u00fcr Kosmetik-Cremes des Labels \u2013 IWK konnte mit flexiblen Systemen und intensivem Teamwork \u00fcberzeugen. Download DEUTSCHER VERPACKUNGSPREIS 2017 F\u00dcR IWK&#8230;<\/p>\n<div class=\"post-button\"><a href=\"https:\/\/vipgo.atsautomation.com\/iwk-de\/%20%20\/erfolgsstories\/\">Read More<\/a><\/div>\n","protected":false},"author":62,"featured_media":2160,"parent":0,"menu_order":0,"comment_status":"closed","ping_status":"closed","template":"","meta":{"inline_featured_image":false,"footnotes":""},"class_list":["post-3408","page","type-page","status-publish","has-post-thumbnail","hentry"],"yoast_head":"<!-- This site is optimized with the Yoast SEO Premium plugin v26.8 (Yoast SEO v26.8) - https:\/\/yoast.com\/product\/yoast-seo-premium-wordpress\/ -->\n<title>ERFOLGSSTORIES - Innovative And Customized Manufacturing Solutions<\/title>\n<meta name=\"robots\" content=\"index, follow, max-snippet:-1, max-image-preview:large, max-video-preview:-1\" \/>\n<link rel=\"canonical\" href=\"https:\/\/vipgo.atsautomation.com\/iwk-de\/%20%20\/erfolgsstories\/\" \/>\n<meta property=\"og:locale\" content=\"de_DE\" \/>\n<meta property=\"og:type\" content=\"article\" \/>\n<meta property=\"og:title\" content=\"ERFOLGSSTORIES\" \/>\n<meta property=\"og:description\" content=\"Der Erfolg unserer Kunden ist unser Antrieb PIERRE FABRE \u2013 IWK KONNTE MIT FLEXIBLEN SYSTEMEN \u00dcBERZEUGEN Das international t\u00e4tige Pharmazie- und Kosmetik-Unternehmen Laboratoires Pierre Fabre aus Frankreich war auf der Suche nach einer schnellen Verpackungsl\u00f6sung f\u00fcr Kosmetik-Cremes des Labels \u2013 IWK konnte mit flexiblen Systemen und intensivem Teamwork \u00fcberzeugen. Download DEUTSCHER VERPACKUNGSPREIS 2017 F\u00dcR IWK...Read More\" \/>\n<meta property=\"og:url\" content=\"https:\/\/vipgo.atsautomation.com\/iwk-de\/  \/erfolgsstories\/\" \/>\n<meta property=\"og:site_name\" content=\"Innovative And Customized Manufacturing Solutions\" \/>\n<meta property=\"article:modified_time\" content=\"2021-02-12T10:21:36+00:00\" \/>\n<meta property=\"og:image\" content=\"https:\/\/vipgo.atsautomation.com\/iwk-de\/%20%20\/wp-content\/uploads\/sites\/22\/2021\/01\/INNOVATIONEN.jpg\" \/>\n\t<meta property=\"og:image:width\" content=\"1901\" \/>\n\t<meta property=\"og:image:height\" content=\"731\" \/>\n\t<meta property=\"og:image:type\" content=\"image\/jpeg\" \/>\n<meta name=\"twitter:card\" content=\"summary_large_image\" \/>\n<meta name=\"twitter:label1\" content=\"Gesch\u00e4tzte Lesezeit\" \/>\n\t<meta name=\"twitter:data1\" content=\"1 Minute\" \/>\n<script type=\"application\/ld+json\" class=\"yoast-schema-graph\">{\"@context\":\"https:\/\/schema.org\",\"@graph\":[{\"@type\":\"WebPage\",\"@id\":\"https:\/\/vipgo.atsautomation.com\/iwk-de\/%20%20\/erfolgsstories\/\",\"url\":\"https:\/\/vipgo.atsautomation.com\/iwk-de\/%20%20\/erfolgsstories\/\",\"name\":\"ERFOLGSSTORIES - Innovative And Customized Manufacturing Solutions\",\"isPartOf\":{\"@id\":\"https:\/\/vipgo.atsautomation.com\/iwk-de\/%20%20\/#website\"},\"primaryImageOfPage\":{\"@id\":\"https:\/\/vipgo.atsautomation.com\/iwk-de\/%20%20\/erfolgsstories\/#primaryimage\"},\"image\":{\"@id\":\"https:\/\/vipgo.atsautomation.com\/iwk-de\/%20%20\/erfolgsstories\/#primaryimage\"},\"thumbnailUrl\":\"https:\/\/vipgo.atsautomation.com\/iwk-de\/%20%20\/wp-content\/uploads\/sites\/22\/2021\/01\/INNOVATIONEN.jpg\",\"datePublished\":\"2021-01-15T16:34:20+00:00\",\"dateModified\":\"2021-02-12T10:21:36+00:00\",\"breadcrumb\":{\"@id\":\"https:\/\/vipgo.atsautomation.com\/iwk-de\/%20%20\/erfolgsstories\/#breadcrumb\"},\"inLanguage\":\"de-DE\",\"potentialAction\":[{\"@type\":\"ReadAction\",\"target\":[\"https:\/\/vipgo.atsautomation.com\/iwk-de\/%20%20\/erfolgsstories\/\"]}]},{\"@type\":\"ImageObject\",\"inLanguage\":\"de-DE\",\"@id\":\"https:\/\/vipgo.atsautomation.com\/iwk-de\/%20%20\/erfolgsstories\/#primaryimage\",\"url\":\"https:\/\/vipgo.atsautomation.com\/iwk-de\/%20%20\/wp-content\/uploads\/sites\/22\/2021\/01\/INNOVATIONEN.jpg\",\"contentUrl\":\"https:\/\/vipgo.atsautomation.com\/iwk-de\/%20%20\/wp-content\/uploads\/sites\/22\/2021\/01\/INNOVATIONEN.jpg\",\"width\":1901,\"height\":731},{\"@type\":\"BreadcrumbList\",\"@id\":\"https:\/\/vipgo.atsautomation.com\/iwk-de\/%20%20\/erfolgsstories\/#breadcrumb\",\"itemListElement\":[{\"@type\":\"ListItem\",\"position\":1,\"name\":\"HOME\",\"item\":\"https:\/\/vipgo.atsautomation.com\/iwk-de\/%20%20\/\"},{\"@type\":\"ListItem\",\"position\":2,\"name\":\"ERFOLGSSTORIES\"}]},{\"@type\":\"WebSite\",\"@id\":\"https:\/\/vipgo.atsautomation.com\/iwk-de\/%20%20\/#website\",\"url\":\"https:\/\/vipgo.atsautomation.com\/iwk-de\/%20%20\/\",\"name\":\"Innovative And Customized Manufacturing Solutions\",\"description\":\"\",\"publisher\":{\"@id\":\"https:\/\/vipgo.atsautomation.com\/iwk-de\/%20%20\/#organization\"},\"potentialAction\":[{\"@type\":\"SearchAction\",\"target\":{\"@type\":\"EntryPoint\",\"urlTemplate\":\"https:\/\/vipgo.atsautomation.com\/iwk-de\/%20%20\/?s={search_term_string}\"},\"query-input\":{\"@type\":\"PropertyValueSpecification\",\"valueRequired\":true,\"valueName\":\"search_term_string\"}}],\"inLanguage\":\"de-DE\"},{\"@type\":\"Organization\",\"@id\":\"https:\/\/vipgo.atsautomation.com\/iwk-de\/%20%20\/#organization\",\"name\":\"Innovative And Customized Manufacturing Solutions\",\"url\":\"https:\/\/vipgo.atsautomation.com\/iwk-de\/%20%20\/\",\"logo\":{\"@type\":\"ImageObject\",\"inLanguage\":\"de-DE\",\"@id\":\"https:\/\/vipgo.atsautomation.com\/iwk-de\/%20%20\/#\/schema\/logo\/image\/\",\"url\":\"https:\/\/vipgo.atsautomation.com\/iwk-de\/%20%20\/wp-content\/uploads\/sites\/22\/2023\/02\/LOGO_IWK_4c_Size_2.png\",\"contentUrl\":\"https:\/\/vipgo.atsautomation.com\/iwk-de\/%20%20\/wp-content\/uploads\/sites\/22\/2023\/02\/LOGO_IWK_4c_Size_2.png\",\"width\":238,\"height\":137,\"caption\":\"Innovative And Customized Manufacturing Solutions\"},\"image\":{\"@id\":\"https:\/\/vipgo.atsautomation.com\/iwk-de\/%20%20\/#\/schema\/logo\/image\/\"}}]}<\/script>\n<!-- \/ Yoast SEO Premium plugin. -->","yoast_head_json":{"title":"ERFOLGSSTORIES - Innovative And Customized Manufacturing Solutions","robots":{"index":"index","follow":"follow","max-snippet":"max-snippet:-1","max-image-preview":"max-image-preview:large","max-video-preview":"max-video-preview:-1"},"canonical":"https:\/\/vipgo.atsautomation.com\/iwk-de\/  \/erfolgsstories\/","og_locale":"de_DE","og_type":"article","og_title":"ERFOLGSSTORIES","og_description":"Der Erfolg unserer Kunden ist unser Antrieb PIERRE FABRE \u2013 IWK KONNTE MIT FLEXIBLEN SYSTEMEN \u00dcBERZEUGEN Das international t\u00e4tige Pharmazie- und Kosmetik-Unternehmen Laboratoires Pierre Fabre aus Frankreich war auf der Suche nach einer schnellen Verpackungsl\u00f6sung f\u00fcr Kosmetik-Cremes des Labels \u2013 IWK konnte mit flexiblen Systemen und intensivem Teamwork \u00fcberzeugen. Download DEUTSCHER VERPACKUNGSPREIS 2017 F\u00dcR IWK...Read More","og_url":"https:\/\/vipgo.atsautomation.com\/iwk-de\/  \/erfolgsstories\/","og_site_name":"Innovative And Customized Manufacturing Solutions","article_modified_time":"2021-02-12T10:21:36+00:00","og_image":[{"width":1901,"height":731,"url":"https:\/\/vipgo.atsautomation.com\/iwk-de\/%20%20\/wp-content\/uploads\/sites\/22\/2021\/01\/INNOVATIONEN.jpg","type":"image\/jpeg"}],"twitter_card":"summary_large_image","twitter_misc":{"Gesch\u00e4tzte Lesezeit":"1 Minute"},"schema":{"@context":"https:\/\/schema.org","@graph":[{"@type":"WebPage","@id":"https:\/\/vipgo.atsautomation.com\/iwk-de\/%20%20\/erfolgsstories\/","url":"https:\/\/vipgo.atsautomation.com\/iwk-de\/%20%20\/erfolgsstories\/","name":"ERFOLGSSTORIES - Innovative And Customized Manufacturing Solutions","isPartOf":{"@id":"https:\/\/vipgo.atsautomation.com\/iwk-de\/%20%20\/#website"},"primaryImageOfPage":{"@id":"https:\/\/vipgo.atsautomation.com\/iwk-de\/%20%20\/erfolgsstories\/#primaryimage"},"image":{"@id":"https:\/\/vipgo.atsautomation.com\/iwk-de\/%20%20\/erfolgsstories\/#primaryimage"},"thumbnailUrl":"https:\/\/vipgo.atsautomation.com\/iwk-de\/%20%20\/wp-content\/uploads\/sites\/22\/2021\/01\/INNOVATIONEN.jpg","datePublished":"2021-01-15T16:34:20+00:00","dateModified":"2021-02-12T10:21:36+00:00","breadcrumb":{"@id":"https:\/\/vipgo.atsautomation.com\/iwk-de\/%20%20\/erfolgsstories\/#breadcrumb"},"inLanguage":"de-DE","potentialAction":[{"@type":"ReadAction","target":["https:\/\/vipgo.atsautomation.com\/iwk-de\/%20%20\/erfolgsstories\/"]}]},{"@type":"ImageObject","inLanguage":"de-DE","@id":"https:\/\/vipgo.atsautomation.com\/iwk-de\/%20%20\/erfolgsstories\/#primaryimage","url":"https:\/\/vipgo.atsautomation.com\/iwk-de\/%20%20\/wp-content\/uploads\/sites\/22\/2021\/01\/INNOVATIONEN.jpg","contentUrl":"https:\/\/vipgo.atsautomation.com\/iwk-de\/%20%20\/wp-content\/uploads\/sites\/22\/2021\/01\/INNOVATIONEN.jpg","width":1901,"height":731},{"@type":"BreadcrumbList","@id":"https:\/\/vipgo.atsautomation.com\/iwk-de\/%20%20\/erfolgsstories\/#breadcrumb","itemListElement":[{"@type":"ListItem","position":1,"name":"HOME","item":"https:\/\/vipgo.atsautomation.com\/iwk-de\/%20%20\/"},{"@type":"ListItem","position":2,"name":"ERFOLGSSTORIES"}]},{"@type":"WebSite","@id":"https:\/\/vipgo.atsautomation.com\/iwk-de\/%20%20\/#website","url":"https:\/\/vipgo.atsautomation.com\/iwk-de\/%20%20\/","name":"Innovative And Customized Manufacturing Solutions","description":"","publisher":{"@id":"https:\/\/vipgo.atsautomation.com\/iwk-de\/%20%20\/#organization"},"potentialAction":[{"@type":"SearchAction","target":{"@type":"EntryPoint","urlTemplate":"https:\/\/vipgo.atsautomation.com\/iwk-de\/%20%20\/?s={search_term_string}"},"query-input":{"@type":"PropertyValueSpecification","valueRequired":true,"valueName":"search_term_string"}}],"inLanguage":"de-DE"},{"@type":"Organization","@id":"https:\/\/vipgo.atsautomation.com\/iwk-de\/%20%20\/#organization","name":"Innovative And Customized Manufacturing Solutions","url":"https:\/\/vipgo.atsautomation.com\/iwk-de\/%20%20\/","logo":{"@type":"ImageObject","inLanguage":"de-DE","@id":"https:\/\/vipgo.atsautomation.com\/iwk-de\/%20%20\/#\/schema\/logo\/image\/","url":"https:\/\/vipgo.atsautomation.com\/iwk-de\/%20%20\/wp-content\/uploads\/sites\/22\/2023\/02\/LOGO_IWK_4c_Size_2.png","contentUrl":"https:\/\/vipgo.atsautomation.com\/iwk-de\/%20%20\/wp-content\/uploads\/sites\/22\/2023\/02\/LOGO_IWK_4c_Size_2.png","width":238,"height":137,"caption":"Innovative And Customized Manufacturing Solutions"},"image":{"@id":"https:\/\/vipgo.atsautomation.com\/iwk-de\/%20%20\/#\/schema\/logo\/image\/"}}]}},"jetpack_sharing_enabled":true,"_links":{"self":[{"href":"https:\/\/vipgo.atsautomation.com\/iwk-de\/%20%20\/wp-json\/wp\/v2\/pages\/3408","targetHints":{"allow":["GET"]}}],"collection":[{"href":"https:\/\/vipgo.atsautomation.com\/iwk-de\/%20%20\/wp-json\/wp\/v2\/pages"}],"about":[{"href":"https:\/\/vipgo.atsautomation.com\/iwk-de\/%20%20\/wp-json\/wp\/v2\/types\/page"}],"author":[{"embeddable":true,"href":"https:\/\/vipgo.atsautomation.com\/iwk-de\/%20%20\/wp-json\/wp\/v2\/users\/62"}],"replies":[{"embeddable":true,"href":"https:\/\/vipgo.atsautomation.com\/iwk-de\/%20%20\/wp-json\/wp\/v2\/comments?post=3408"}],"version-history":[{"count":5,"href":"https:\/\/vipgo.atsautomation.com\/iwk-de\/%20%20\/wp-json\/wp\/v2\/pages\/3408\/revisions"}],"predecessor-version":[{"id":3838,"href":"https:\/\/vipgo.atsautomation.com\/iwk-de\/%20%20\/wp-json\/wp\/v2\/pages\/3408\/revisions\/3838"}],"wp:featuredmedia":[{"embeddable":true,"href":"https:\/\/vipgo.atsautomation.com\/iwk-de\/%20%20\/wp-json\/wp\/v2\/media\/2160"}],"wp:attachment":[{"href":"https:\/\/vipgo.atsautomation.com\/iwk-de\/%20%20\/wp-json\/wp\/v2\/media?parent=3408"}],"curies":[{"name":"wp","href":"https:\/\/api.w.org\/{rel}","templated":true}]}}