{"id":8354,"date":"2021-11-17T10:44:39","date_gmt":"2021-11-17T10:44:39","guid":{"rendered":"https:\/\/iwk.de\/?page_id=8354"},"modified":"2021-11-17T10:46:20","modified_gmt":"2021-11-17T10:46:20","slug":"offene-stellen","status":"publish","type":"page","link":"https:\/\/vipgo.atsautomation.com\/iwk-de\/%20%20\/offene-stellen\/","title":{"rendered":"OFFENE STELLEN"},"content":{"rendered":"<div class=\"glance-second\">\n<div class=\"home-main row\"><span><span><a href=\"https:\/\/vipgo.atsautomation.com\/iwk-de\/%20%20\/\">HOME<\/a><\/span><\/span><\/p>\n<details>\n<summary>Duales Studium im Bereich Elektrotechnik m\/w\/d<\/summary>\n<p>Die IWK Verpackungstechnik GmbH mit Sitz in Stutensee, ein Unternehmen der ATS Gruppe mit weltweit rund 4.300 Mitarbeitern an 23 internationalen Standorten, geh\u00f6rt zu den weltweit f\u00fchrenden Herstellern von Verpackungsmaschinen. Hier werden anspruchsvolle Verpackungsl\u00f6sungen f\u00fcr die Pharma- und Kosmetikindustrie entwickelt und gebaut. Unsere Tubenf\u00fcller und Kartonierer sind weltweit bei Kunden im Einsatz. Permanente Innovationen, hohe Zuverl\u00e4ssigkeit und striktes Qualit\u00e4tsbewusstsein haben unsere international f\u00fchrende Weltmarktstellung gefestigt. Unsere anspruchsvollen Kunden erwarten ma\u00dfgeschneiderte und optimale kundenspezifische L\u00f6sungen, die ihre technische und wirtschaftliche Leistungsf\u00e4higkeit entscheidend verbessern. Hierzu verf\u00fcgen wir \u00fcber langj\u00e4hriges Know-how und wegweisende Technologien im Maschinenbau.<\/p>\n<h4>Deine Aufgaben<\/h4>\n<p>Das duale Studium erm\u00f6glicht Dir ein vollwertiges Hochschulstudium, bei dem Du die M\u00f6glichkeit hast, Dein theoretisches Wissen anhand verschiedenster Projekte in der Praxis mit einzubringen bzw. zu verst\u00e4rken. Grundlage der verschiedensten Studieng\u00e4nge sind wechselweise 12 Wochen Theorie- und Praxisphasen. Die theoretischen Ausbildungsinhalte werden an der Dualen Hochschule Karlsruhe vermittelt.<\/p>\n<p>Die Entwicklung und Optimierung von Automatisierungssystemen und deren Komponenten stellt einen Teil Deiner abwechslungsreichen Aufgaben. Du erlangst Kenntnisse in der Konstruktion, Inbetriebnahme, Betreuung und Wartung von Anlagen mit dem Schwerpunkt Elektrokonstruktion. Sp\u00e4ter geh\u00f6rt zu Deinen Aufgaben die Entwicklung und Optimierung von Verpackungsmaschinen und deren Komponenten sowie das Programmieren und der EDV-Einsatz (Hard- und Software) in technischen Prozessen.<\/p>\n<p>Bewirb Dich <a href=\"https:\/\/jobs.atsautomation.com\/job\/Stutensee-Duales-Studium-im-Bereich-Elektrotechnik-mwd-Bade\/540087001\/\" target=\"_blank\" rel=\"noopener\"><b> online <\/b><\/a> und werde Teil unseres Teams!<\/p>\n<p>F\u00fcr R\u00fcckfragen stehen wir Dir telefonisch gerne zur Verf\u00fcgung:<\/p>\n<p>Annette Kr\u00e4mer<br \/>\nankraemer@iwk.de<br \/>\nT 07244\/968-483<\/p>\n<p>IWK Verpackungstechnik GmbH<br \/>\nLorenzstr. 6<br \/>\n76297 Stutensee\t<\/p>\n<\/details>\n<details>\n<summary>Duales Studium im Bereich Informatik-Informationstechnik m\/w\/d<\/summary>\n<p>Die IWK Verpackungstechnik GmbH mit Sitz in Stutensee, ein Unternehmen der ATS Gruppe mit weltweit rund 4.300 Mitarbeitern an 23 internationalen Standorten, geh\u00f6rt zu den weltweit f\u00fchrenden Herstellern von Verpackungsmaschinen. Hier werden anspruchsvolle Verpackungsl\u00f6sungen f\u00fcr die Pharma- und Kosmetikindustrie entwickelt und gebaut. Unsere Tubenf\u00fcller und Kartonierer sind weltweit bei Kunden im Einsatz. Permanente Innovationen, hohe Zuverl\u00e4ssigkeit und striktes Qualit\u00e4tsbewusstsein haben unsere international f\u00fchrende Weltmarktstellung gefestigt. Unsere anspruchsvollen Kunden erwarten ma\u00dfgeschneiderte und optimale kundenspezifische L\u00f6sungen, die ihre technische und wirtschaftliche Leistungsf\u00e4higkeit entscheidend verbessern. Hierzu verf\u00fcgen wir \u00fcber langj\u00e4hriges Know-how und wegweisende Technologien im Maschinenbau.<\/p>\n<h4>Deine Aufgaben<\/h4>\n<p>Das duale Studium erm\u00f6glicht Dir ein vollwertiges Hochschulstudium, bei dem Du die M\u00f6glichkeit hast, Dein theoretisches Wissen anhand verschiedenster Projekte in der Praxis mit einzubringen bzw. zu verst\u00e4rken. Grundlage der verschiedensten Studieng\u00e4nge sind wechselweise 12 Wochen Theorie- und Praxisphasen. Die theoretischen Ausbildungsinhalte werden an der Dualen Hochschule Karlsruhe vermittelt.<\/p>\n<p>Du bist von Anfang an in Projekten mit dabei! Zun\u00e4chst lernst Du unsere IT-Infrastruktur der Verpackungsmaschinen kennen, das Betriebssystem, die Programmiersprachen, Anwendungsprogramme, die Software-Entwicklung und das Engineering. Im weiteren Verlauf des Studiums setzt Du Dich mit der Anwendungsprogrammierung auseinander. Auch werden bereits Themen in Zusammenarbeit mit den Experten aus unserem Team Technical Solutions erarbeitet \u2013 so erlangst Du mehr Selbst\u00e4ndigkeit und Eigenverantwortung.<\/p>\n<p>Bewirb Dich <a href=\"https:\/\/jobs.atsautomation.com\/job\/Stutensee-Duales-Studium-im-Bereich-Informatik-Informationstechnik-mwd-Bade\/540089301\/\" target=\"_blank\" rel=\"noopener\"> <b> online <\/b> <\/a> und werde Teil unseres Teams!<\/p>\n<p>F\u00fcr R\u00fcckfragen stehen wir Dir telefonisch gerne zur Verf\u00fcgung:<\/p>\n<p>Annette Kr\u00e4mer<br \/>\nankraemer@iwk.de<br \/>\nT 07244\/968-483<\/p>\n<p>IWK Verpackungstechnik GmbH<br \/>\nLorenzstr. 6<br \/>\n76297 Stutensee\t<\/p>\n<\/details>\n<p>&nbsp;<\/p>\n<p><a class=\"backLink\" href=\"https:\/\/iwk.de\/karriere\/\" target=\"_self\" rel=\"noopener\">ZUR\u00dcCK ZU \u201eKARRIERE\u201c<\/a><\/p>\n<\/div>\n<\/div>\n","protected":false},"excerpt":{"rendered":"<p>Duales Studium im Bereich Elektrotechnik m\/w\/d Die IWK Verpackungstechnik GmbH mit Sitz in Stutensee, ein Unternehmen der ATS Gruppe mit weltweit rund 4.300 Mitarbeitern an 23 internationalen Standorten, geh\u00f6rt zu den weltweit f\u00fchrenden Herstellern von Verpackungsmaschinen. Hier werden anspruchsvolle Verpackungsl\u00f6sungen f\u00fcr die Pharma- und Kosmetikindustrie entwickelt und gebaut. Unsere Tubenf\u00fcller und Kartonierer sind weltweit bei&#8230;<\/p>\n<div class=\"post-button\"><a href=\"https:\/\/vipgo.atsautomation.com\/iwk-de\/%20%20\/offene-stellen\/\">Read More<\/a><\/div>\n","protected":false},"author":95,"featured_media":0,"parent":0,"menu_order":0,"comment_status":"closed","ping_status":"closed","template":"","meta":{"inline_featured_image":false,"footnotes":""},"class_list":["post-8354","page","type-page","status-publish","hentry"],"yoast_head":"<!-- This site is optimized with the Yoast SEO Premium plugin v26.8 (Yoast SEO v26.8) - https:\/\/yoast.com\/product\/yoast-seo-premium-wordpress\/ -->\n<title>OFFENE STELLEN - Innovative And Customized Manufacturing Solutions<\/title>\n<meta name=\"robots\" content=\"index, follow, max-snippet:-1, max-image-preview:large, max-video-preview:-1\" \/>\n<link rel=\"canonical\" href=\"https:\/\/vipgo.atsautomation.com\/iwk-de\/%20%20\/offene-stellen\/\" \/>\n<meta property=\"og:locale\" content=\"de_DE\" \/>\n<meta property=\"og:type\" content=\"article\" \/>\n<meta property=\"og:title\" content=\"OFFENE STELLEN\" \/>\n<meta property=\"og:description\" content=\"Duales Studium im Bereich Elektrotechnik m\/w\/d Die IWK Verpackungstechnik GmbH mit Sitz in Stutensee, ein Unternehmen der ATS Gruppe mit weltweit rund 4.300 Mitarbeitern an 23 internationalen Standorten, geh\u00f6rt zu den weltweit f\u00fchrenden Herstellern von Verpackungsmaschinen. Hier werden anspruchsvolle Verpackungsl\u00f6sungen f\u00fcr die Pharma- und Kosmetikindustrie entwickelt und gebaut. Unsere Tubenf\u00fcller und Kartonierer sind weltweit bei...Read More\" \/>\n<meta property=\"og:url\" content=\"https:\/\/vipgo.atsautomation.com\/iwk-de\/  \/offene-stellen\/\" \/>\n<meta property=\"og:site_name\" content=\"Innovative And Customized Manufacturing Solutions\" \/>\n<meta property=\"article:modified_time\" content=\"2021-11-17T10:46:20+00:00\" \/>\n<meta name=\"twitter:card\" content=\"summary_large_image\" \/>\n<meta name=\"twitter:label1\" content=\"Gesch\u00e4tzte Lesezeit\" \/>\n\t<meta name=\"twitter:data1\" content=\"3 Minuten\" \/>\n<script type=\"application\/ld+json\" class=\"yoast-schema-graph\">{\"@context\":\"https:\/\/schema.org\",\"@graph\":[{\"@type\":\"WebPage\",\"@id\":\"https:\/\/vipgo.atsautomation.com\/iwk-de\/%20%20\/offene-stellen\/\",\"url\":\"https:\/\/vipgo.atsautomation.com\/iwk-de\/%20%20\/offene-stellen\/\",\"name\":\"OFFENE STELLEN - Innovative And Customized Manufacturing Solutions\",\"isPartOf\":{\"@id\":\"https:\/\/vipgo.atsautomation.com\/iwk-de\/%20%20\/#website\"},\"datePublished\":\"2021-11-17T10:44:39+00:00\",\"dateModified\":\"2021-11-17T10:46:20+00:00\",\"breadcrumb\":{\"@id\":\"https:\/\/vipgo.atsautomation.com\/iwk-de\/%20%20\/offene-stellen\/#breadcrumb\"},\"inLanguage\":\"de-DE\",\"potentialAction\":[{\"@type\":\"ReadAction\",\"target\":[\"https:\/\/vipgo.atsautomation.com\/iwk-de\/%20%20\/offene-stellen\/\"]}]},{\"@type\":\"BreadcrumbList\",\"@id\":\"https:\/\/vipgo.atsautomation.com\/iwk-de\/%20%20\/offene-stellen\/#breadcrumb\",\"itemListElement\":[{\"@type\":\"ListItem\",\"position\":1,\"name\":\"HOME\",\"item\":\"https:\/\/vipgo.atsautomation.com\/iwk-de\/%20%20\/\"},{\"@type\":\"ListItem\",\"position\":2,\"name\":\"OFFENE STELLEN\"}]},{\"@type\":\"WebSite\",\"@id\":\"https:\/\/vipgo.atsautomation.com\/iwk-de\/%20%20\/#website\",\"url\":\"https:\/\/vipgo.atsautomation.com\/iwk-de\/%20%20\/\",\"name\":\"Innovative And Customized Manufacturing Solutions\",\"description\":\"\",\"publisher\":{\"@id\":\"https:\/\/vipgo.atsautomation.com\/iwk-de\/%20%20\/#organization\"},\"potentialAction\":[{\"@type\":\"SearchAction\",\"target\":{\"@type\":\"EntryPoint\",\"urlTemplate\":\"https:\/\/vipgo.atsautomation.com\/iwk-de\/%20%20\/?s={search_term_string}\"},\"query-input\":{\"@type\":\"PropertyValueSpecification\",\"valueRequired\":true,\"valueName\":\"search_term_string\"}}],\"inLanguage\":\"de-DE\"},{\"@type\":\"Organization\",\"@id\":\"https:\/\/vipgo.atsautomation.com\/iwk-de\/%20%20\/#organization\",\"name\":\"Innovative And Customized Manufacturing Solutions\",\"url\":\"https:\/\/vipgo.atsautomation.com\/iwk-de\/%20%20\/\",\"logo\":{\"@type\":\"ImageObject\",\"inLanguage\":\"de-DE\",\"@id\":\"https:\/\/vipgo.atsautomation.com\/iwk-de\/%20%20\/#\/schema\/logo\/image\/\",\"url\":\"https:\/\/vipgo.atsautomation.com\/iwk-de\/%20%20\/wp-content\/uploads\/sites\/22\/2023\/02\/LOGO_IWK_4c_Size_2.png\",\"contentUrl\":\"https:\/\/vipgo.atsautomation.com\/iwk-de\/%20%20\/wp-content\/uploads\/sites\/22\/2023\/02\/LOGO_IWK_4c_Size_2.png\",\"width\":238,\"height\":137,\"caption\":\"Innovative And Customized Manufacturing Solutions\"},\"image\":{\"@id\":\"https:\/\/vipgo.atsautomation.com\/iwk-de\/%20%20\/#\/schema\/logo\/image\/\"}}]}<\/script>\n<!-- \/ Yoast SEO Premium plugin. -->","yoast_head_json":{"title":"OFFENE STELLEN - Innovative And Customized Manufacturing Solutions","robots":{"index":"index","follow":"follow","max-snippet":"max-snippet:-1","max-image-preview":"max-image-preview:large","max-video-preview":"max-video-preview:-1"},"canonical":"https:\/\/vipgo.atsautomation.com\/iwk-de\/  \/offene-stellen\/","og_locale":"de_DE","og_type":"article","og_title":"OFFENE STELLEN","og_description":"Duales Studium im Bereich Elektrotechnik m\/w\/d Die IWK Verpackungstechnik GmbH mit Sitz in Stutensee, ein Unternehmen der ATS Gruppe mit weltweit rund 4.300 Mitarbeitern an 23 internationalen Standorten, geh\u00f6rt zu den weltweit f\u00fchrenden Herstellern von Verpackungsmaschinen. Hier werden anspruchsvolle Verpackungsl\u00f6sungen f\u00fcr die Pharma- und Kosmetikindustrie entwickelt und gebaut. Unsere Tubenf\u00fcller und Kartonierer sind weltweit bei...Read More","og_url":"https:\/\/vipgo.atsautomation.com\/iwk-de\/  \/offene-stellen\/","og_site_name":"Innovative And Customized Manufacturing Solutions","article_modified_time":"2021-11-17T10:46:20+00:00","twitter_card":"summary_large_image","twitter_misc":{"Gesch\u00e4tzte Lesezeit":"3 Minuten"},"schema":{"@context":"https:\/\/schema.org","@graph":[{"@type":"WebPage","@id":"https:\/\/vipgo.atsautomation.com\/iwk-de\/%20%20\/offene-stellen\/","url":"https:\/\/vipgo.atsautomation.com\/iwk-de\/%20%20\/offene-stellen\/","name":"OFFENE STELLEN - Innovative And Customized Manufacturing Solutions","isPartOf":{"@id":"https:\/\/vipgo.atsautomation.com\/iwk-de\/%20%20\/#website"},"datePublished":"2021-11-17T10:44:39+00:00","dateModified":"2021-11-17T10:46:20+00:00","breadcrumb":{"@id":"https:\/\/vipgo.atsautomation.com\/iwk-de\/%20%20\/offene-stellen\/#breadcrumb"},"inLanguage":"de-DE","potentialAction":[{"@type":"ReadAction","target":["https:\/\/vipgo.atsautomation.com\/iwk-de\/%20%20\/offene-stellen\/"]}]},{"@type":"BreadcrumbList","@id":"https:\/\/vipgo.atsautomation.com\/iwk-de\/%20%20\/offene-stellen\/#breadcrumb","itemListElement":[{"@type":"ListItem","position":1,"name":"HOME","item":"https:\/\/vipgo.atsautomation.com\/iwk-de\/%20%20\/"},{"@type":"ListItem","position":2,"name":"OFFENE STELLEN"}]},{"@type":"WebSite","@id":"https:\/\/vipgo.atsautomation.com\/iwk-de\/%20%20\/#website","url":"https:\/\/vipgo.atsautomation.com\/iwk-de\/%20%20\/","name":"Innovative And Customized Manufacturing Solutions","description":"","publisher":{"@id":"https:\/\/vipgo.atsautomation.com\/iwk-de\/%20%20\/#organization"},"potentialAction":[{"@type":"SearchAction","target":{"@type":"EntryPoint","urlTemplate":"https:\/\/vipgo.atsautomation.com\/iwk-de\/%20%20\/?s={search_term_string}"},"query-input":{"@type":"PropertyValueSpecification","valueRequired":true,"valueName":"search_term_string"}}],"inLanguage":"de-DE"},{"@type":"Organization","@id":"https:\/\/vipgo.atsautomation.com\/iwk-de\/%20%20\/#organization","name":"Innovative And Customized Manufacturing Solutions","url":"https:\/\/vipgo.atsautomation.com\/iwk-de\/%20%20\/","logo":{"@type":"ImageObject","inLanguage":"de-DE","@id":"https:\/\/vipgo.atsautomation.com\/iwk-de\/%20%20\/#\/schema\/logo\/image\/","url":"https:\/\/vipgo.atsautomation.com\/iwk-de\/%20%20\/wp-content\/uploads\/sites\/22\/2023\/02\/LOGO_IWK_4c_Size_2.png","contentUrl":"https:\/\/vipgo.atsautomation.com\/iwk-de\/%20%20\/wp-content\/uploads\/sites\/22\/2023\/02\/LOGO_IWK_4c_Size_2.png","width":238,"height":137,"caption":"Innovative And Customized Manufacturing Solutions"},"image":{"@id":"https:\/\/vipgo.atsautomation.com\/iwk-de\/%20%20\/#\/schema\/logo\/image\/"}}]}},"jetpack_sharing_enabled":true,"_links":{"self":[{"href":"https:\/\/vipgo.atsautomation.com\/iwk-de\/%20%20\/wp-json\/wp\/v2\/pages\/8354","targetHints":{"allow":["GET"]}}],"collection":[{"href":"https:\/\/vipgo.atsautomation.com\/iwk-de\/%20%20\/wp-json\/wp\/v2\/pages"}],"about":[{"href":"https:\/\/vipgo.atsautomation.com\/iwk-de\/%20%20\/wp-json\/wp\/v2\/types\/page"}],"author":[{"embeddable":true,"href":"https:\/\/vipgo.atsautomation.com\/iwk-de\/%20%20\/wp-json\/wp\/v2\/users\/95"}],"replies":[{"embeddable":true,"href":"https:\/\/vipgo.atsautomation.com\/iwk-de\/%20%20\/wp-json\/wp\/v2\/comments?post=8354"}],"version-history":[{"count":2,"href":"https:\/\/vipgo.atsautomation.com\/iwk-de\/%20%20\/wp-json\/wp\/v2\/pages\/8354\/revisions"}],"predecessor-version":[{"id":8357,"href":"https:\/\/vipgo.atsautomation.com\/iwk-de\/%20%20\/wp-json\/wp\/v2\/pages\/8354\/revisions\/8357"}],"wp:attachment":[{"href":"https:\/\/vipgo.atsautomation.com\/iwk-de\/%20%20\/wp-json\/wp\/v2\/media?parent=8354"}],"curies":[{"name":"wp","href":"https:\/\/api.w.org\/{rel}","templated":true}]}}