{"id":2658,"date":"2021-01-07T18:51:14","date_gmt":"2021-01-07T18:51:14","guid":{"rendered":"https:\/\/iwk.de\/?page_id=2658"},"modified":"2021-02-26T00:59:46","modified_gmt":"2021-02-26T00:59:46","slug":"gestion-de-projet","status":"publish","type":"page","link":"https:\/\/vipgo.atsautomation.com\/iwk-de\/fr\/%20%20\/conseil\/gestion-de-projet\/","title":{"rendered":"Gestion de projet"},"content":{"rendered":"<div class=\"home-main row\">\n<span><span><a href=\"https:\/\/vipgo.atsautomation.com\/iwk-de\/fr\/%20%20\/\">HOME<\/a><\/span><\/span><\/p>\n<h2>Une \u00e9vidence pour nous: une gestion de projet cibl\u00e9e et professionnelle<\/h2>\n<p>Apr\u00e8s la r\u00e9ception de votre commande, notre chef de projet exp\u00e9riment\u00e9 est responsable du bon d\u00e9roulement de votre projet, ainsi que de satisfaire aux exigences du cahier des charges qui a \u00e9t\u00e9 d\u00e9fini. En collaboration avec une \u00e9quipe de concepteurs, de techniciens et de charg\u00e9s de l\u2019approvisionnement, les t\u00e2ches li\u00e9es au projet sont accomplies conform\u00e9ment \u00e0 vos et \u00e0 nos exigences \u00e9lev\u00e9es en mati\u00e8re de qualit\u00e9, en respectant les d\u00e9lais convenus. Nous accordons une importance toute particuli\u00e8re \u00e0 l\u2019efficacit\u00e9, \u00e0 la transparence et \u00e0 la flexibilit\u00e9. Gr\u00e2ce \u00e0 notre processus de qualit\u00e9 strict \u00ab Quality Gate \u00bb, le chef de projet surveille le d\u00e9roulement de votre projet et toutes les \u00e9tapes n\u00e9cessaires.<br \/>\nLe chef de projet est votre interlocuteur d\u00e9di\u00e9, sur votre site, du d\u00e9but du projet jusqu\u2019\u00e0 la mise en service ou \u00e0 la r\u00e9ception de votre installation, et ce pour toutes les questions d\u2019ordre technique ou commercial.<br \/>\nDans ce cadre, notre chef de projet g\u00e8re les t\u00e2ches suivantes pour vous :<\/p>\n<div class=\"list-style\">\n<ul>\n<li>Cr\u00e9ation de rapports et \u00e9change d\u2019informations avec vous<\/li>\n<li>Clarification technique et commerciale en cas de nouvelles exigences au cours du projet<\/li>\n<li>Coordination interne des services sp\u00e9cialis\u00e9s<\/li>\n<li>Prise en consid\u00e9ration et \u00e9valuation des risques<\/li>\n<li>D\u00e9cisions quant aux mesures \u00e0 prendre en cas de divergences<\/li>\n<li>R\u00e9alisation et prise en charge du contr\u00f4le Quality Gate<\/li>\n<li>Organisations des op\u00e9rations logistiques (planification des d\u00e9lais, validation, exigences relatives aux essais, envoi)<\/li>\n<li>Prise en charge et gestion des essais, de la r\u00e9ception (protocole FAT ou SAT) et mise en service de l\u2019installation<\/li>\n<\/ul>\n<\/div>\n<p>Lorsque la r\u00e9ception et la mise en service de votre installation sont termin\u00e9es, le chef de projet vous remet le projet en main. La prise en charge ult\u00e9rieure de votre installation, jusqu\u2019\u00e0 la fin de la p\u00e9riode de garantie et m\u00eame apr\u00e8s, est r\u00e9alis\u00e9e par notre\u00a0<a href=\"https:\/\/iwk.de\/fr\/servicefr\/\" target=\"_blank\" rel=\"noopener\" style=\"color:#2160ab;font-weight: 700;\">Service\u00a0<\/a>de maintenance pour.<\/p>\n<p><a class=\"backLink\" href=\"https:\/\/iwk.de\/fr\/conseil\/\" rel=\"noopener\">RETOUR VERS \u201e CONSEIL \u201c<\/a><\/p>\n<\/div>\n","protected":false},"excerpt":{"rendered":"<p>Une \u00e9vidence pour nous: une gestion de projet cibl\u00e9e et professionnelle Apr\u00e8s la r\u00e9ception de votre commande, notre chef de projet exp\u00e9riment\u00e9 est responsable du bon d\u00e9roulement de votre projet, ainsi que de satisfaire aux exigences du cahier des charges qui a \u00e9t\u00e9 d\u00e9fini. En collaboration avec une \u00e9quipe de concepteurs, de techniciens et de&#8230;<\/p>\n<div class=\"post-button\"><a href=\"https:\/\/vipgo.atsautomation.com\/iwk-de\/fr\/%20%20\/conseil\/gestion-de-projet\/\">Read More<\/a><\/div>\n","protected":false},"author":63,"featured_media":2083,"parent":2639,"menu_order":0,"comment_status":"closed","ping_status":"closed","template":"","meta":{"inline_featured_image":false,"footnotes":""},"class_list":["post-2658","page","type-page","status-publish","has-post-thumbnail","hentry"],"yoast_head":"<!-- This site is optimized with the Yoast SEO Premium plugin v26.8 (Yoast SEO v26.8) - https:\/\/yoast.com\/product\/yoast-seo-premium-wordpress\/ -->\n<title>Gestion de projet - Innovative And Customized Manufacturing Solutions<\/title>\n<meta name=\"robots\" content=\"index, follow, max-snippet:-1, max-image-preview:large, max-video-preview:-1\" \/>\n<link rel=\"canonical\" href=\"https:\/\/vipgo.atsautomation.com\/iwk-de\/fr\/%20%20\/conseil\/gestion-de-projet\/\" \/>\n<meta property=\"og:locale\" content=\"fr_FR\" \/>\n<meta property=\"og:type\" content=\"article\" \/>\n<meta property=\"og:title\" content=\"Gestion de projet\" \/>\n<meta property=\"og:description\" content=\"Une \u00e9vidence pour nous: une gestion de projet cibl\u00e9e et professionnelle Apr\u00e8s la r\u00e9ception de votre commande, notre chef de projet exp\u00e9riment\u00e9 est responsable du bon d\u00e9roulement de votre projet, ainsi que de satisfaire aux exigences du cahier des charges qui a \u00e9t\u00e9 d\u00e9fini. En collaboration avec une \u00e9quipe de concepteurs, de techniciens et de...Read More\" \/>\n<meta property=\"og:url\" content=\"https:\/\/vipgo.atsautomation.com\/iwk-de\/fr\/  \/conseil\/gestion-de-projet\/\" \/>\n<meta property=\"og:site_name\" content=\"Innovative And Customized Manufacturing Solutions\" \/>\n<meta property=\"article:modified_time\" content=\"2021-02-26T00:59:46+00:00\" \/>\n<meta property=\"og:image\" content=\"https:\/\/vipgo.atsautomation.com\/iwk-de\/%20%20\/wp-content\/uploads\/sites\/22\/2021\/01\/consulting.jpg\" \/>\n\t<meta property=\"og:image:width\" content=\"1899\" \/>\n\t<meta property=\"og:image:height\" content=\"724\" \/>\n\t<meta property=\"og:image:type\" content=\"image\/jpeg\" \/>\n<meta name=\"twitter:card\" content=\"summary_large_image\" \/>\n<meta name=\"twitter:label1\" content=\"Dur\u00e9e de lecture estim\u00e9e\" \/>\n\t<meta name=\"twitter:data1\" content=\"2 minutes\" \/>\n<script type=\"application\/ld+json\" class=\"yoast-schema-graph\">{\"@context\":\"https:\/\/schema.org\",\"@graph\":[{\"@type\":\"WebPage\",\"@id\":\"https:\/\/vipgo.atsautomation.com\/iwk-de\/fr\/%20%20\/conseil\/gestion-de-projet\/\",\"url\":\"https:\/\/vipgo.atsautomation.com\/iwk-de\/fr\/%20%20\/conseil\/gestion-de-projet\/\",\"name\":\"Gestion de projet - Innovative And Customized Manufacturing Solutions\",\"isPartOf\":{\"@id\":\"https:\/\/vipgo.atsautomation.com\/iwk-de\/%20%20\/#website\"},\"primaryImageOfPage\":{\"@id\":\"https:\/\/vipgo.atsautomation.com\/iwk-de\/fr\/%20%20\/conseil\/gestion-de-projet\/#primaryimage\"},\"image\":{\"@id\":\"https:\/\/vipgo.atsautomation.com\/iwk-de\/fr\/%20%20\/conseil\/gestion-de-projet\/#primaryimage\"},\"thumbnailUrl\":\"https:\/\/vipgo.atsautomation.com\/iwk-de\/%20%20\/wp-content\/uploads\/sites\/22\/2021\/01\/consulting.jpg\",\"datePublished\":\"2021-01-07T18:51:14+00:00\",\"dateModified\":\"2021-02-26T00:59:46+00:00\",\"breadcrumb\":{\"@id\":\"https:\/\/vipgo.atsautomation.com\/iwk-de\/fr\/%20%20\/conseil\/gestion-de-projet\/#breadcrumb\"},\"inLanguage\":\"fr-FR\",\"potentialAction\":[{\"@type\":\"ReadAction\",\"target\":[\"https:\/\/vipgo.atsautomation.com\/iwk-de\/fr\/%20%20\/conseil\/gestion-de-projet\/\"]}]},{\"@type\":\"ImageObject\",\"inLanguage\":\"fr-FR\",\"@id\":\"https:\/\/vipgo.atsautomation.com\/iwk-de\/fr\/%20%20\/conseil\/gestion-de-projet\/#primaryimage\",\"url\":\"https:\/\/vipgo.atsautomation.com\/iwk-de\/%20%20\/wp-content\/uploads\/sites\/22\/2021\/01\/consulting.jpg\",\"contentUrl\":\"https:\/\/vipgo.atsautomation.com\/iwk-de\/%20%20\/wp-content\/uploads\/sites\/22\/2021\/01\/consulting.jpg\",\"width\":1899,\"height\":724},{\"@type\":\"BreadcrumbList\",\"@id\":\"https:\/\/vipgo.atsautomation.com\/iwk-de\/fr\/%20%20\/conseil\/gestion-de-projet\/#breadcrumb\",\"itemListElement\":[{\"@type\":\"ListItem\",\"position\":1,\"name\":\"HOME\",\"item\":\"https:\/\/vipgo.atsautomation.com\/iwk-de\/fr\/%20%20\/\"},{\"@type\":\"ListItem\",\"position\":2,\"name\":\"CONSEIL\",\"item\":\"https:\/\/vipgo.atsautomation.com\/iwk-de\/fr\/%20%20\/conseil\/\"},{\"@type\":\"ListItem\",\"position\":3,\"name\":\"Gestion de projet\"}]},{\"@type\":\"WebSite\",\"@id\":\"https:\/\/vipgo.atsautomation.com\/iwk-de\/%20%20\/#website\",\"url\":\"https:\/\/vipgo.atsautomation.com\/iwk-de\/%20%20\/\",\"name\":\"Innovative And Customized Manufacturing Solutions\",\"description\":\"\",\"publisher\":{\"@id\":\"https:\/\/vipgo.atsautomation.com\/iwk-de\/%20%20\/#organization\"},\"potentialAction\":[{\"@type\":\"SearchAction\",\"target\":{\"@type\":\"EntryPoint\",\"urlTemplate\":\"https:\/\/vipgo.atsautomation.com\/iwk-de\/%20%20\/?s={search_term_string}\"},\"query-input\":{\"@type\":\"PropertyValueSpecification\",\"valueRequired\":true,\"valueName\":\"search_term_string\"}}],\"inLanguage\":\"fr-FR\"},{\"@type\":\"Organization\",\"@id\":\"https:\/\/vipgo.atsautomation.com\/iwk-de\/%20%20\/#organization\",\"name\":\"Innovative And Customized Manufacturing Solutions\",\"url\":\"https:\/\/vipgo.atsautomation.com\/iwk-de\/%20%20\/\",\"logo\":{\"@type\":\"ImageObject\",\"inLanguage\":\"fr-FR\",\"@id\":\"https:\/\/vipgo.atsautomation.com\/iwk-de\/%20%20\/#\/schema\/logo\/image\/\",\"url\":\"https:\/\/vipgo.atsautomation.com\/iwk-de\/%20%20\/wp-content\/uploads\/sites\/22\/2023\/02\/LOGO_IWK_4c_Size_2.png\",\"contentUrl\":\"https:\/\/vipgo.atsautomation.com\/iwk-de\/%20%20\/wp-content\/uploads\/sites\/22\/2023\/02\/LOGO_IWK_4c_Size_2.png\",\"width\":238,\"height\":137,\"caption\":\"Innovative And Customized Manufacturing Solutions\"},\"image\":{\"@id\":\"https:\/\/vipgo.atsautomation.com\/iwk-de\/%20%20\/#\/schema\/logo\/image\/\"}}]}<\/script>\n<!-- \/ Yoast SEO Premium plugin. -->","yoast_head_json":{"title":"Gestion de projet - Innovative And Customized Manufacturing Solutions","robots":{"index":"index","follow":"follow","max-snippet":"max-snippet:-1","max-image-preview":"max-image-preview:large","max-video-preview":"max-video-preview:-1"},"canonical":"https:\/\/vipgo.atsautomation.com\/iwk-de\/fr\/  \/conseil\/gestion-de-projet\/","og_locale":"fr_FR","og_type":"article","og_title":"Gestion de projet","og_description":"Une \u00e9vidence pour nous: une gestion de projet cibl\u00e9e et professionnelle Apr\u00e8s la r\u00e9ception de votre commande, notre chef de projet exp\u00e9riment\u00e9 est responsable du bon d\u00e9roulement de votre projet, ainsi que de satisfaire aux exigences du cahier des charges qui a \u00e9t\u00e9 d\u00e9fini. En collaboration avec une \u00e9quipe de concepteurs, de techniciens et de...Read More","og_url":"https:\/\/vipgo.atsautomation.com\/iwk-de\/fr\/  \/conseil\/gestion-de-projet\/","og_site_name":"Innovative And Customized Manufacturing Solutions","article_modified_time":"2021-02-26T00:59:46+00:00","og_image":[{"width":1899,"height":724,"url":"https:\/\/vipgo.atsautomation.com\/iwk-de\/%20%20\/wp-content\/uploads\/sites\/22\/2021\/01\/consulting.jpg","type":"image\/jpeg"}],"twitter_card":"summary_large_image","twitter_misc":{"Dur\u00e9e de lecture estim\u00e9e":"2 minutes"},"schema":{"@context":"https:\/\/schema.org","@graph":[{"@type":"WebPage","@id":"https:\/\/vipgo.atsautomation.com\/iwk-de\/fr\/%20%20\/conseil\/gestion-de-projet\/","url":"https:\/\/vipgo.atsautomation.com\/iwk-de\/fr\/%20%20\/conseil\/gestion-de-projet\/","name":"Gestion de projet - Innovative And Customized Manufacturing Solutions","isPartOf":{"@id":"https:\/\/vipgo.atsautomation.com\/iwk-de\/%20%20\/#website"},"primaryImageOfPage":{"@id":"https:\/\/vipgo.atsautomation.com\/iwk-de\/fr\/%20%20\/conseil\/gestion-de-projet\/#primaryimage"},"image":{"@id":"https:\/\/vipgo.atsautomation.com\/iwk-de\/fr\/%20%20\/conseil\/gestion-de-projet\/#primaryimage"},"thumbnailUrl":"https:\/\/vipgo.atsautomation.com\/iwk-de\/%20%20\/wp-content\/uploads\/sites\/22\/2021\/01\/consulting.jpg","datePublished":"2021-01-07T18:51:14+00:00","dateModified":"2021-02-26T00:59:46+00:00","breadcrumb":{"@id":"https:\/\/vipgo.atsautomation.com\/iwk-de\/fr\/%20%20\/conseil\/gestion-de-projet\/#breadcrumb"},"inLanguage":"fr-FR","potentialAction":[{"@type":"ReadAction","target":["https:\/\/vipgo.atsautomation.com\/iwk-de\/fr\/%20%20\/conseil\/gestion-de-projet\/"]}]},{"@type":"ImageObject","inLanguage":"fr-FR","@id":"https:\/\/vipgo.atsautomation.com\/iwk-de\/fr\/%20%20\/conseil\/gestion-de-projet\/#primaryimage","url":"https:\/\/vipgo.atsautomation.com\/iwk-de\/%20%20\/wp-content\/uploads\/sites\/22\/2021\/01\/consulting.jpg","contentUrl":"https:\/\/vipgo.atsautomation.com\/iwk-de\/%20%20\/wp-content\/uploads\/sites\/22\/2021\/01\/consulting.jpg","width":1899,"height":724},{"@type":"BreadcrumbList","@id":"https:\/\/vipgo.atsautomation.com\/iwk-de\/fr\/%20%20\/conseil\/gestion-de-projet\/#breadcrumb","itemListElement":[{"@type":"ListItem","position":1,"name":"HOME","item":"https:\/\/vipgo.atsautomation.com\/iwk-de\/fr\/%20%20\/"},{"@type":"ListItem","position":2,"name":"CONSEIL","item":"https:\/\/vipgo.atsautomation.com\/iwk-de\/fr\/%20%20\/conseil\/"},{"@type":"ListItem","position":3,"name":"Gestion de projet"}]},{"@type":"WebSite","@id":"https:\/\/vipgo.atsautomation.com\/iwk-de\/%20%20\/#website","url":"https:\/\/vipgo.atsautomation.com\/iwk-de\/%20%20\/","name":"Innovative And Customized Manufacturing Solutions","description":"","publisher":{"@id":"https:\/\/vipgo.atsautomation.com\/iwk-de\/%20%20\/#organization"},"potentialAction":[{"@type":"SearchAction","target":{"@type":"EntryPoint","urlTemplate":"https:\/\/vipgo.atsautomation.com\/iwk-de\/%20%20\/?s={search_term_string}"},"query-input":{"@type":"PropertyValueSpecification","valueRequired":true,"valueName":"search_term_string"}}],"inLanguage":"fr-FR"},{"@type":"Organization","@id":"https:\/\/vipgo.atsautomation.com\/iwk-de\/%20%20\/#organization","name":"Innovative And Customized Manufacturing Solutions","url":"https:\/\/vipgo.atsautomation.com\/iwk-de\/%20%20\/","logo":{"@type":"ImageObject","inLanguage":"fr-FR","@id":"https:\/\/vipgo.atsautomation.com\/iwk-de\/%20%20\/#\/schema\/logo\/image\/","url":"https:\/\/vipgo.atsautomation.com\/iwk-de\/%20%20\/wp-content\/uploads\/sites\/22\/2023\/02\/LOGO_IWK_4c_Size_2.png","contentUrl":"https:\/\/vipgo.atsautomation.com\/iwk-de\/%20%20\/wp-content\/uploads\/sites\/22\/2023\/02\/LOGO_IWK_4c_Size_2.png","width":238,"height":137,"caption":"Innovative And Customized Manufacturing Solutions"},"image":{"@id":"https:\/\/vipgo.atsautomation.com\/iwk-de\/%20%20\/#\/schema\/logo\/image\/"}}]}},"jetpack_sharing_enabled":true,"_links":{"self":[{"href":"https:\/\/vipgo.atsautomation.com\/iwk-de\/fr\/%20%20\/wp-json\/wp\/v2\/pages\/2658","targetHints":{"allow":["GET"]}}],"collection":[{"href":"https:\/\/vipgo.atsautomation.com\/iwk-de\/fr\/%20%20\/wp-json\/wp\/v2\/pages"}],"about":[{"href":"https:\/\/vipgo.atsautomation.com\/iwk-de\/fr\/%20%20\/wp-json\/wp\/v2\/types\/page"}],"author":[{"embeddable":true,"href":"https:\/\/vipgo.atsautomation.com\/iwk-de\/fr\/%20%20\/wp-json\/wp\/v2\/users\/63"}],"replies":[{"embeddable":true,"href":"https:\/\/vipgo.atsautomation.com\/iwk-de\/fr\/%20%20\/wp-json\/wp\/v2\/comments?post=2658"}],"version-history":[{"count":5,"href":"https:\/\/vipgo.atsautomation.com\/iwk-de\/fr\/%20%20\/wp-json\/wp\/v2\/pages\/2658\/revisions"}],"predecessor-version":[{"id":5175,"href":"https:\/\/vipgo.atsautomation.com\/iwk-de\/fr\/%20%20\/wp-json\/wp\/v2\/pages\/2658\/revisions\/5175"}],"up":[{"embeddable":true,"href":"https:\/\/vipgo.atsautomation.com\/iwk-de\/fr\/%20%20\/wp-json\/wp\/v2\/pages\/2639"}],"wp:featuredmedia":[{"embeddable":true,"href":"https:\/\/vipgo.atsautomation.com\/iwk-de\/fr\/%20%20\/wp-json\/wp\/v2\/media\/2083"}],"wp:attachment":[{"href":"https:\/\/vipgo.atsautomation.com\/iwk-de\/fr\/%20%20\/wp-json\/wp\/v2\/media?parent=2658"}],"curies":[{"name":"wp","href":"https:\/\/api.w.org\/{rel}","templated":true}]}}