{"id":3132,"date":"2021-01-18T10:34:38","date_gmt":"2021-01-18T10:34:38","guid":{"rendered":"https:\/\/iwk.de\/?page_id=3132"},"modified":"2021-03-17T15:33:35","modified_gmt":"2021-03-17T15:33:35","slug":"remplisseuse-de-tubes-fp-sterile-jusqua-220-tubes-min","status":"publish","type":"page","link":"https:\/\/vipgo.atsautomation.com\/iwk-de\/fr\/%20%20\/produits-et-solutions\/machines\/remplisseuse-de-tubes-fp-sterile-jusqua-220-tubes-min\/","title":{"rendered":"Remplisseuse de tubes FP Sterile (jusqu\u2019\u00e0 220 tubes\/min)"},"content":{"rendered":"<div class=\"home-main row\"><span><span><a href=\"https:\/\/vipgo.atsautomation.com\/iwk-de\/fr\/%20%20\/\">HOME<\/a><\/span><\/span><\/p>\n<h2>Remplisseuse de tubes FP Sterile<br \/>\n(jusqu\u2019\u00e0 220 tubes\/min)<\/h2>\n<p>La plateforme \u00ab FP Sterile \u00bb destin\u00e9e au remplissage des tubes satisfait aux exigences applicables EDEHG et cGMP \u00e0 l\u2019\u00e9chelle internationale et permet de remplir des produits sous forme de p\u00e2tes dans des tubes en m\u00e9tal, plastique ou lamin\u00e9s dans des conditions st\u00e9riles.<\/p>\n<div class=\"advantages\">\n<div class=\"col-sm-7 bodytext mt-4\">\n<h3>AVANTAGES<\/h3>\n<div class=\"list-style\">\n<ul>\n<li>Les mat\u00e9riaux employ\u00e9s permettent la st\u00e9rilisation de la surface de la machine par gazage au peroxyde d\u2019hydrog\u00e8ne (H2O2). G\u00e9n\u00e9ralement, la d\u00e9sinfection est r\u00e9alis\u00e9e par d\u00e9sinfection rapide \u00e0 l\u2019alcool.<\/li>\n<li>Tous les pi\u00e8ces et composants formant un angle sont dispos\u00e9s \u00e0 \u2265&nbsp;90\u00b0 et sont \u00e9quip\u00e9s de joints sans intervalle pour le remplissage et le nettoyage.<\/li>\n<li>Tous les composants et d\u00e9tecteurs sont scell\u00e9s sur la remplisseuse de tubes de la plateforme st\u00e9rile, c\u2019est pourquoi ils sont tr\u00e8s faciles \u00e0 nettoyer.<\/li>\n<li>Pour l\u2019acc\u00e8s manuel, des inserts \u00e0 gants sont pr\u00e9vus pour tous les points importants de la machine.<\/li>\n<li>En cas de changement de produit ou de charge, l\u2019ensemble des pi\u00e8ces en contact avec le produit peuvent \u00eatre nettoy\u00e9es et st\u00e9rilis\u00e9es sans d\u00e9montage\/remontage gr\u00e2ce au syst\u00e8me NEP\/SEP int\u00e9gr\u00e9.<\/li>\n<li>Il n\u2019existe aucun \u00ab&nbsp;espace mort&nbsp;\u00bb potentiel o\u00f9 les r\u00e9sidus ou bact\u00e9ries pourraient s\u2019accumuler et se multiplier.<\/li>\n<li>Toutes les pi\u00e8ces en contact avec le produit sont polies et sont dot\u00e9es de base d\u2019une qualit\u00e9 de surface \u2264&nbsp;0,8&nbsp;\u03bcm.<\/li>\n<li>Les joints utilis\u00e9s dans la zone du produit et au niveau des soupapes de traitement sont fabriqu\u00e9s en silicone ou FPM certifi\u00e9 FDA+EMEA\/410\/01. Les joints qui ne sont pas en contact avec les produits et les seringues sont fabriqu\u00e9s en FPM (Viton\u00ae).<\/li>\n<li>Les pi\u00e8ces de format d\u2019une qualit\u00e9 de surface d\u2019au moins Ra \u2264&nbsp;0,8&nbsp;\u03bcm sont fabriqu\u00e9es en plastique PVDF (polyfluorure de vinylid\u00e8ne) robuste et r\u00e9sistant \u00e0 la chaleur ou en polym\u00e8re Peek. Ces mat\u00e9riaux sont r\u00e9sistants aux tr\u00e8s hautes temp\u00e9ratures (jusqu\u2019\u00e0 130&nbsp;\u00b0C dans les autoclaves) et aux d\u00e9tergents utilis\u00e9s pour la st\u00e9rilisation.<\/li>\n<li>Pour la version en acier inoxydable, la commande de la machine s\u2019effectue par l\u2019interm\u00e9diaire du panneau de commande IWK tr\u00e8s facile d\u2019utilisation et dot\u00e9 d\u2019un \u00e9cran&nbsp;15,4\u201c.<\/li>\n<\/ul>\n<\/div>\n<\/div>\n<div class=\"col-sm-9\">\n<div class=\"slideshow-container\">\n<div class=\"mySlides fade\">\n<img decoding=\"async\" src=\"https:\/\/iwk.de\/wp-content\/uploads\/sites\/22\/2021\/01\/web_01_MG_4936.jpg\" style=\"width:100%\" \/>\n<\/div>\n<div class=\"mySlides fade\">\n<img decoding=\"async\" src=\"https:\/\/iwk.de\/wp-content\/uploads\/sites\/22\/2021\/01\/web_FP-34-1-01.jpg\" style=\"width:100%\" \/>\n<\/div>\n<div class=\"mySlides fade\">\n<img decoding=\"async\" src=\"https:\/\/iwk.de\/wp-content\/uploads\/sites\/22\/2021\/01\/web_FP-34-1-02.jpg\" style=\"width:100%\" \/>\n<\/div>\n<div class=\"mySlides fade\">\n<img decoding=\"async\" src=\"https:\/\/iwk.de\/wp-content\/uploads\/sites\/22\/2021\/01\/web_FP-34-1-03.jpg\" style=\"width:100%\" \/>\n<\/div>\n<div class=\"mySlides fade\">\n<img decoding=\"async\" src=\"https:\/\/iwk.de\/wp-content\/uploads\/sites\/22\/2021\/01\/web_FP-34-1-04.jpg\" style=\"width:100%\" \/>\n<\/div>\n<div class=\"mySlides fade\">\n<img decoding=\"async\" src=\"https:\/\/iwk.de\/wp-content\/uploads\/sites\/22\/2021\/01\/web_FP-34-1-05.jpg\" style=\"width:100%\" \/>\n<\/div>\n<div class=\"mySlides fade\">\n<img decoding=\"async\" src=\"https:\/\/iwk.de\/wp-content\/uploads\/sites\/22\/2021\/01\/web_FP-34-1-06.jpg\" style=\"width:100%\" \/>\n<\/div>\n<p><a class=\"prev\" onclick=\"plusSlides(-1)\">&#10094;<\/a><br \/>\n<a class=\"next\" onclick=\"plusSlides(1)\">&#10095;<\/a>\n<\/div>\n<\/div>\n<\/div>\n<\/div>\n<section class=\"techData\">\n<div class=\"home-main row\">\n<h3>DONN\u00c9ES TECHNIQUES<\/h3>\n<table class=\"table\">\n<thead>\n<tr>\n<th>TYPE<\/th>\n<th>FP 34-1<\/th>\n<th>FP 46-2<\/th>\n<\/tr>\n<\/thead>\n<tbody>\n<tr>\n<td>Cadence max. (tubes\/min)<\/td>\n<td>120<\/td>\n<td>120<\/td>\n<\/tr>\n<tr>\n<td>Nombre de porte-tube<\/td>\n<td>34<\/td>\n<td>46<\/td>\n<\/tr>\n<tr>\n<td>Nombre de t\u00eates de remplissage<\/td>\n<td>1<\/td>\n<td>2<\/td>\n<\/tr>\n<tr>\n<td>\u00f8 des tubes en plastique et lamin\u00e9s (mm)<\/td>\n<td>10 \u2013 52<\/td>\n<td>10 \u2013 52<\/td>\n<\/tr>\n<tr>\n<td>\u00f8 tubes m\u00e9talliques (mm)<\/td>\n<td>10 \u2013 40<\/td>\n<td>10 \u2013 40<\/td>\n<\/tr>\n<tr>\n<td>Longueur de tube (mm)<\/td>\n<td>60 \u2013 250<\/td>\n<td>60 \u2013 250<\/td>\n<\/tr>\n<tr>\n<td>Volume (ml)<\/td>\n<td>1,5 \u2013 350<\/td>\n<td>1,5 \u2013 350<\/td>\n<\/tr>\n<tr>\n<td colspan=\"3\">Surface de base r\u00e9duite, accessibilit\u00e9 maximale, conception conforme aux BPF<\/td>\n<\/tr>\n<\/tbody>\n<\/table>\n<\/div>\n<\/section>\n<div class=\"home-main row\">\n<h2>APPLICATIONS<\/h2>\n<p><strong>Produits:<\/strong><br \/>\nremplissage st\u00e9rile de produits qui sont d\u00e9pourvus de conservateurs et de stabilisateurs, produits sensibles n\u00e9cessitant des exigences d\u2019hygi\u00e8ne tr\u00e8s strictes, pommades, cr\u00e8mes, pommades ophtalmiques, cr\u00e8mes pour les yeux<\/p>\n<p><strong>Mat\u00e9riau du tube:<\/strong><br \/>\naluminium, aluminium lamin\u00e9, PE, PE lamin\u00e9, Koex<\/p>\n<p><strong>Formes de tube:<\/strong><br \/>\ncylindrique<\/p>\n<\/div>\n<div class=\"home-main row\">\n<a href=\"https:\/\/iwk.de\/fr\/machines\/\" class=\"backLink\"> RETOUR <\/a>\n<\/div>\n","protected":false},"excerpt":{"rendered":"<p>Remplisseuse de tubes FP Sterile (jusqu\u2019\u00e0 220 tubes\/min) La plateforme \u00ab FP Sterile \u00bb destin\u00e9e au remplissage des tubes satisfait aux exigences applicables EDEHG et cGMP \u00e0 l\u2019\u00e9chelle internationale et permet de remplir des produits sous forme de p\u00e2tes dans des tubes en m\u00e9tal, plastique ou lamin\u00e9s dans des conditions st\u00e9riles. AVANTAGES Les mat\u00e9riaux employ\u00e9s&#8230;<\/p>\n<div class=\"post-button\"><a href=\"https:\/\/vipgo.atsautomation.com\/iwk-de\/fr\/%20%20\/produits-et-solutions\/machines\/remplisseuse-de-tubes-fp-sterile-jusqua-220-tubes-min\/\">Read More<\/a><\/div>\n","protected":false},"author":63,"featured_media":2309,"parent":2982,"menu_order":0,"comment_status":"closed","ping_status":"closed","template":"page-templates\/machinetwo.php","meta":{"inline_featured_image":false,"footnotes":""},"class_list":["post-3132","page","type-page","status-publish","has-post-thumbnail","hentry"],"yoast_head":"<!-- This site is optimized with the Yoast SEO Premium plugin v26.8 (Yoast SEO v26.8) - https:\/\/yoast.com\/product\/yoast-seo-premium-wordpress\/ -->\n<title>Remplisseuse de tubes FP Sterile (jusqu\u2019\u00e0 220 tubes\/min) - Innovative And Customized Manufacturing Solutions<\/title>\n<meta name=\"robots\" content=\"index, follow, max-snippet:-1, max-image-preview:large, max-video-preview:-1\" \/>\n<link rel=\"canonical\" href=\"https:\/\/vipgo.atsautomation.com\/iwk-de\/fr\/%20%20\/produits-et-solutions\/machines\/remplisseuse-de-tubes-fp-sterile-jusqua-220-tubes-min\/\" \/>\n<meta property=\"og:locale\" content=\"fr_FR\" \/>\n<meta property=\"og:type\" content=\"article\" \/>\n<meta property=\"og:title\" content=\"Remplisseuse de tubes FP Sterile (jusqu\u2019\u00e0 220 tubes\/min)\" \/>\n<meta property=\"og:description\" content=\"Remplisseuse de tubes FP Sterile (jusqu\u2019\u00e0 220 tubes\/min) La plateforme \u00ab FP Sterile \u00bb destin\u00e9e au remplissage des tubes satisfait aux exigences applicables EDEHG et cGMP \u00e0 l\u2019\u00e9chelle internationale et permet de remplir des produits sous forme de p\u00e2tes dans des tubes en m\u00e9tal, plastique ou lamin\u00e9s dans des conditions st\u00e9riles. AVANTAGES Les mat\u00e9riaux employ\u00e9s...Read More\" \/>\n<meta property=\"og:url\" content=\"https:\/\/vipgo.atsautomation.com\/iwk-de\/fr\/  \/produits-et-solutions\/machines\/remplisseuse-de-tubes-fp-sterile-jusqua-220-tubes-min\/\" \/>\n<meta property=\"og:site_name\" content=\"Innovative And Customized Manufacturing Solutions\" \/>\n<meta property=\"article:modified_time\" content=\"2021-03-17T15:33:35+00:00\" \/>\n<meta property=\"og:image\" content=\"https:\/\/vipgo.atsautomation.com\/iwk-de\/%20%20\/wp-content\/uploads\/sites\/22\/2021\/01\/tube-infeed.jpg\" \/>\n\t<meta property=\"og:image:width\" content=\"1899\" \/>\n\t<meta property=\"og:image:height\" content=\"726\" \/>\n\t<meta property=\"og:image:type\" content=\"image\/jpeg\" \/>\n<meta name=\"twitter:card\" content=\"summary_large_image\" \/>\n<meta name=\"twitter:label1\" content=\"Dur\u00e9e de lecture estim\u00e9e\" \/>\n\t<meta name=\"twitter:data1\" content=\"3 minutes\" \/>\n<script type=\"application\/ld+json\" class=\"yoast-schema-graph\">{\"@context\":\"https:\/\/schema.org\",\"@graph\":[{\"@type\":\"WebPage\",\"@id\":\"https:\/\/vipgo.atsautomation.com\/iwk-de\/fr\/%20%20\/produits-et-solutions\/machines\/remplisseuse-de-tubes-fp-sterile-jusqua-220-tubes-min\/\",\"url\":\"https:\/\/vipgo.atsautomation.com\/iwk-de\/fr\/%20%20\/produits-et-solutions\/machines\/remplisseuse-de-tubes-fp-sterile-jusqua-220-tubes-min\/\",\"name\":\"Remplisseuse de tubes FP Sterile (jusqu\u2019\u00e0 220 tubes\/min) - Innovative And Customized Manufacturing Solutions\",\"isPartOf\":{\"@id\":\"https:\/\/vipgo.atsautomation.com\/iwk-de\/%20%20\/#website\"},\"primaryImageOfPage\":{\"@id\":\"https:\/\/vipgo.atsautomation.com\/iwk-de\/fr\/%20%20\/produits-et-solutions\/machines\/remplisseuse-de-tubes-fp-sterile-jusqua-220-tubes-min\/#primaryimage\"},\"image\":{\"@id\":\"https:\/\/vipgo.atsautomation.com\/iwk-de\/fr\/%20%20\/produits-et-solutions\/machines\/remplisseuse-de-tubes-fp-sterile-jusqua-220-tubes-min\/#primaryimage\"},\"thumbnailUrl\":\"https:\/\/vipgo.atsautomation.com\/iwk-de\/%20%20\/wp-content\/uploads\/sites\/22\/2021\/01\/tube-infeed.jpg\",\"datePublished\":\"2021-01-18T10:34:38+00:00\",\"dateModified\":\"2021-03-17T15:33:35+00:00\",\"breadcrumb\":{\"@id\":\"https:\/\/vipgo.atsautomation.com\/iwk-de\/fr\/%20%20\/produits-et-solutions\/machines\/remplisseuse-de-tubes-fp-sterile-jusqua-220-tubes-min\/#breadcrumb\"},\"inLanguage\":\"fr-FR\",\"potentialAction\":[{\"@type\":\"ReadAction\",\"target\":[\"https:\/\/vipgo.atsautomation.com\/iwk-de\/fr\/%20%20\/produits-et-solutions\/machines\/remplisseuse-de-tubes-fp-sterile-jusqua-220-tubes-min\/\"]}]},{\"@type\":\"ImageObject\",\"inLanguage\":\"fr-FR\",\"@id\":\"https:\/\/vipgo.atsautomation.com\/iwk-de\/fr\/%20%20\/produits-et-solutions\/machines\/remplisseuse-de-tubes-fp-sterile-jusqua-220-tubes-min\/#primaryimage\",\"url\":\"https:\/\/vipgo.atsautomation.com\/iwk-de\/%20%20\/wp-content\/uploads\/sites\/22\/2021\/01\/tube-infeed.jpg\",\"contentUrl\":\"https:\/\/vipgo.atsautomation.com\/iwk-de\/%20%20\/wp-content\/uploads\/sites\/22\/2021\/01\/tube-infeed.jpg\",\"width\":1899,\"height\":726},{\"@type\":\"BreadcrumbList\",\"@id\":\"https:\/\/vipgo.atsautomation.com\/iwk-de\/fr\/%20%20\/produits-et-solutions\/machines\/remplisseuse-de-tubes-fp-sterile-jusqua-220-tubes-min\/#breadcrumb\",\"itemListElement\":[{\"@type\":\"ListItem\",\"position\":1,\"name\":\"HOME\",\"item\":\"https:\/\/vipgo.atsautomation.com\/iwk-de\/fr\/%20%20\/\"},{\"@type\":\"ListItem\",\"position\":2,\"name\":\"PRODUITS ET SOLUTIONS\",\"item\":\"https:\/\/vipgo.atsautomation.com\/iwk-de\/fr\/%20%20\/produits-et-solutions\/\"},{\"@type\":\"ListItem\",\"position\":3,\"name\":\"MACHINES\",\"item\":\"https:\/\/vipgo.atsautomation.com\/iwk-de\/fr\/%20%20\/produits-et-solutions\/machines\/\"},{\"@type\":\"ListItem\",\"position\":4,\"name\":\"Remplisseuse de tubes FP Sterile (jusqu\u2019\u00e0 220 tubes\/min)\"}]},{\"@type\":\"WebSite\",\"@id\":\"https:\/\/vipgo.atsautomation.com\/iwk-de\/%20%20\/#website\",\"url\":\"https:\/\/vipgo.atsautomation.com\/iwk-de\/%20%20\/\",\"name\":\"Innovative And Customized Manufacturing Solutions\",\"description\":\"\",\"publisher\":{\"@id\":\"https:\/\/vipgo.atsautomation.com\/iwk-de\/%20%20\/#organization\"},\"potentialAction\":[{\"@type\":\"SearchAction\",\"target\":{\"@type\":\"EntryPoint\",\"urlTemplate\":\"https:\/\/vipgo.atsautomation.com\/iwk-de\/%20%20\/?s={search_term_string}\"},\"query-input\":{\"@type\":\"PropertyValueSpecification\",\"valueRequired\":true,\"valueName\":\"search_term_string\"}}],\"inLanguage\":\"fr-FR\"},{\"@type\":\"Organization\",\"@id\":\"https:\/\/vipgo.atsautomation.com\/iwk-de\/%20%20\/#organization\",\"name\":\"Innovative And Customized Manufacturing Solutions\",\"url\":\"https:\/\/vipgo.atsautomation.com\/iwk-de\/%20%20\/\",\"logo\":{\"@type\":\"ImageObject\",\"inLanguage\":\"fr-FR\",\"@id\":\"https:\/\/vipgo.atsautomation.com\/iwk-de\/%20%20\/#\/schema\/logo\/image\/\",\"url\":\"https:\/\/vipgo.atsautomation.com\/iwk-de\/%20%20\/wp-content\/uploads\/sites\/22\/2023\/02\/LOGO_IWK_4c_Size_2.png\",\"contentUrl\":\"https:\/\/vipgo.atsautomation.com\/iwk-de\/%20%20\/wp-content\/uploads\/sites\/22\/2023\/02\/LOGO_IWK_4c_Size_2.png\",\"width\":238,\"height\":137,\"caption\":\"Innovative And Customized Manufacturing Solutions\"},\"image\":{\"@id\":\"https:\/\/vipgo.atsautomation.com\/iwk-de\/%20%20\/#\/schema\/logo\/image\/\"}}]}<\/script>\n<!-- \/ Yoast SEO Premium plugin. -->","yoast_head_json":{"title":"Remplisseuse de tubes FP Sterile (jusqu\u2019\u00e0 220 tubes\/min) - Innovative And Customized Manufacturing Solutions","robots":{"index":"index","follow":"follow","max-snippet":"max-snippet:-1","max-image-preview":"max-image-preview:large","max-video-preview":"max-video-preview:-1"},"canonical":"https:\/\/vipgo.atsautomation.com\/iwk-de\/fr\/  \/produits-et-solutions\/machines\/remplisseuse-de-tubes-fp-sterile-jusqua-220-tubes-min\/","og_locale":"fr_FR","og_type":"article","og_title":"Remplisseuse de tubes FP Sterile (jusqu\u2019\u00e0 220 tubes\/min)","og_description":"Remplisseuse de tubes FP Sterile (jusqu\u2019\u00e0 220 tubes\/min) La plateforme \u00ab FP Sterile \u00bb destin\u00e9e au remplissage des tubes satisfait aux exigences applicables EDEHG et cGMP \u00e0 l\u2019\u00e9chelle internationale et permet de remplir des produits sous forme de p\u00e2tes dans des tubes en m\u00e9tal, plastique ou lamin\u00e9s dans des conditions st\u00e9riles. AVANTAGES Les mat\u00e9riaux employ\u00e9s...Read More","og_url":"https:\/\/vipgo.atsautomation.com\/iwk-de\/fr\/  \/produits-et-solutions\/machines\/remplisseuse-de-tubes-fp-sterile-jusqua-220-tubes-min\/","og_site_name":"Innovative And Customized Manufacturing Solutions","article_modified_time":"2021-03-17T15:33:35+00:00","og_image":[{"width":1899,"height":726,"url":"https:\/\/vipgo.atsautomation.com\/iwk-de\/%20%20\/wp-content\/uploads\/sites\/22\/2021\/01\/tube-infeed.jpg","type":"image\/jpeg"}],"twitter_card":"summary_large_image","twitter_misc":{"Dur\u00e9e de lecture estim\u00e9e":"3 minutes"},"schema":{"@context":"https:\/\/schema.org","@graph":[{"@type":"WebPage","@id":"https:\/\/vipgo.atsautomation.com\/iwk-de\/fr\/%20%20\/produits-et-solutions\/machines\/remplisseuse-de-tubes-fp-sterile-jusqua-220-tubes-min\/","url":"https:\/\/vipgo.atsautomation.com\/iwk-de\/fr\/%20%20\/produits-et-solutions\/machines\/remplisseuse-de-tubes-fp-sterile-jusqua-220-tubes-min\/","name":"Remplisseuse de tubes FP Sterile (jusqu\u2019\u00e0 220 tubes\/min) - Innovative And Customized Manufacturing Solutions","isPartOf":{"@id":"https:\/\/vipgo.atsautomation.com\/iwk-de\/%20%20\/#website"},"primaryImageOfPage":{"@id":"https:\/\/vipgo.atsautomation.com\/iwk-de\/fr\/%20%20\/produits-et-solutions\/machines\/remplisseuse-de-tubes-fp-sterile-jusqua-220-tubes-min\/#primaryimage"},"image":{"@id":"https:\/\/vipgo.atsautomation.com\/iwk-de\/fr\/%20%20\/produits-et-solutions\/machines\/remplisseuse-de-tubes-fp-sterile-jusqua-220-tubes-min\/#primaryimage"},"thumbnailUrl":"https:\/\/vipgo.atsautomation.com\/iwk-de\/%20%20\/wp-content\/uploads\/sites\/22\/2021\/01\/tube-infeed.jpg","datePublished":"2021-01-18T10:34:38+00:00","dateModified":"2021-03-17T15:33:35+00:00","breadcrumb":{"@id":"https:\/\/vipgo.atsautomation.com\/iwk-de\/fr\/%20%20\/produits-et-solutions\/machines\/remplisseuse-de-tubes-fp-sterile-jusqua-220-tubes-min\/#breadcrumb"},"inLanguage":"fr-FR","potentialAction":[{"@type":"ReadAction","target":["https:\/\/vipgo.atsautomation.com\/iwk-de\/fr\/%20%20\/produits-et-solutions\/machines\/remplisseuse-de-tubes-fp-sterile-jusqua-220-tubes-min\/"]}]},{"@type":"ImageObject","inLanguage":"fr-FR","@id":"https:\/\/vipgo.atsautomation.com\/iwk-de\/fr\/%20%20\/produits-et-solutions\/machines\/remplisseuse-de-tubes-fp-sterile-jusqua-220-tubes-min\/#primaryimage","url":"https:\/\/vipgo.atsautomation.com\/iwk-de\/%20%20\/wp-content\/uploads\/sites\/22\/2021\/01\/tube-infeed.jpg","contentUrl":"https:\/\/vipgo.atsautomation.com\/iwk-de\/%20%20\/wp-content\/uploads\/sites\/22\/2021\/01\/tube-infeed.jpg","width":1899,"height":726},{"@type":"BreadcrumbList","@id":"https:\/\/vipgo.atsautomation.com\/iwk-de\/fr\/%20%20\/produits-et-solutions\/machines\/remplisseuse-de-tubes-fp-sterile-jusqua-220-tubes-min\/#breadcrumb","itemListElement":[{"@type":"ListItem","position":1,"name":"HOME","item":"https:\/\/vipgo.atsautomation.com\/iwk-de\/fr\/%20%20\/"},{"@type":"ListItem","position":2,"name":"PRODUITS ET SOLUTIONS","item":"https:\/\/vipgo.atsautomation.com\/iwk-de\/fr\/%20%20\/produits-et-solutions\/"},{"@type":"ListItem","position":3,"name":"MACHINES","item":"https:\/\/vipgo.atsautomation.com\/iwk-de\/fr\/%20%20\/produits-et-solutions\/machines\/"},{"@type":"ListItem","position":4,"name":"Remplisseuse de tubes FP Sterile (jusqu\u2019\u00e0 220 tubes\/min)"}]},{"@type":"WebSite","@id":"https:\/\/vipgo.atsautomation.com\/iwk-de\/%20%20\/#website","url":"https:\/\/vipgo.atsautomation.com\/iwk-de\/%20%20\/","name":"Innovative And Customized Manufacturing Solutions","description":"","publisher":{"@id":"https:\/\/vipgo.atsautomation.com\/iwk-de\/%20%20\/#organization"},"potentialAction":[{"@type":"SearchAction","target":{"@type":"EntryPoint","urlTemplate":"https:\/\/vipgo.atsautomation.com\/iwk-de\/%20%20\/?s={search_term_string}"},"query-input":{"@type":"PropertyValueSpecification","valueRequired":true,"valueName":"search_term_string"}}],"inLanguage":"fr-FR"},{"@type":"Organization","@id":"https:\/\/vipgo.atsautomation.com\/iwk-de\/%20%20\/#organization","name":"Innovative And Customized Manufacturing Solutions","url":"https:\/\/vipgo.atsautomation.com\/iwk-de\/%20%20\/","logo":{"@type":"ImageObject","inLanguage":"fr-FR","@id":"https:\/\/vipgo.atsautomation.com\/iwk-de\/%20%20\/#\/schema\/logo\/image\/","url":"https:\/\/vipgo.atsautomation.com\/iwk-de\/%20%20\/wp-content\/uploads\/sites\/22\/2023\/02\/LOGO_IWK_4c_Size_2.png","contentUrl":"https:\/\/vipgo.atsautomation.com\/iwk-de\/%20%20\/wp-content\/uploads\/sites\/22\/2023\/02\/LOGO_IWK_4c_Size_2.png","width":238,"height":137,"caption":"Innovative And Customized Manufacturing Solutions"},"image":{"@id":"https:\/\/vipgo.atsautomation.com\/iwk-de\/%20%20\/#\/schema\/logo\/image\/"}}]}},"jetpack_sharing_enabled":true,"_links":{"self":[{"href":"https:\/\/vipgo.atsautomation.com\/iwk-de\/fr\/%20%20\/wp-json\/wp\/v2\/pages\/3132","targetHints":{"allow":["GET"]}}],"collection":[{"href":"https:\/\/vipgo.atsautomation.com\/iwk-de\/fr\/%20%20\/wp-json\/wp\/v2\/pages"}],"about":[{"href":"https:\/\/vipgo.atsautomation.com\/iwk-de\/fr\/%20%20\/wp-json\/wp\/v2\/types\/page"}],"author":[{"embeddable":true,"href":"https:\/\/vipgo.atsautomation.com\/iwk-de\/fr\/%20%20\/wp-json\/wp\/v2\/users\/63"}],"replies":[{"embeddable":true,"href":"https:\/\/vipgo.atsautomation.com\/iwk-de\/fr\/%20%20\/wp-json\/wp\/v2\/comments?post=3132"}],"version-history":[{"count":7,"href":"https:\/\/vipgo.atsautomation.com\/iwk-de\/fr\/%20%20\/wp-json\/wp\/v2\/pages\/3132\/revisions"}],"predecessor-version":[{"id":5887,"href":"https:\/\/vipgo.atsautomation.com\/iwk-de\/fr\/%20%20\/wp-json\/wp\/v2\/pages\/3132\/revisions\/5887"}],"up":[{"embeddable":true,"href":"https:\/\/vipgo.atsautomation.com\/iwk-de\/fr\/%20%20\/wp-json\/wp\/v2\/pages\/2982"}],"wp:featuredmedia":[{"embeddable":true,"href":"https:\/\/vipgo.atsautomation.com\/iwk-de\/fr\/%20%20\/wp-json\/wp\/v2\/media\/2309"}],"wp:attachment":[{"href":"https:\/\/vipgo.atsautomation.com\/iwk-de\/fr\/%20%20\/wp-json\/wp\/v2\/media?parent=3132"}],"curies":[{"name":"wp","href":"https:\/\/api.w.org\/{rel}","templated":true}]}}