{"id":6245,"date":"2021-03-24T18:13:07","date_gmt":"2021-03-24T18:13:07","guid":{"rendered":"https:\/\/iwk.de\/?page_id=6245"},"modified":"2021-06-23T13:07:20","modified_gmt":"2021-06-23T13:07:20","slug":"etudiants-et-eleves","status":"publish","type":"page","link":"https:\/\/vipgo.atsautomation.com\/iwk-de\/fr\/%20%20\/carriere\/etudiants-et-eleves\/","title":{"rendered":"\u00c9TUDIANTS ET \u00c9L\u00c8VES"},"content":{"rendered":"<div class=\"glance-second\">\n<div class=\"home-main row\"><span><span><a href=\"https:\/\/vipgo.atsautomation.com\/iwk-de\/fr\/%20%20\/\">HOME<\/a><\/span><\/span><\/p>\n<details>\n<summary>\u00c9TUDIANTS<\/summary>\n<div class=\"faq__content\">\n<h4>M\u00e9moires de licence et de mater, projets de recherche<\/h4>\n<p>Nos diff\u00e9rents services sp\u00e9cialis\u00e9s vous proposent des th\u00e8mes passionnants et exigeants pour r\u00e9diger votre m\u00e9moire de licence et de master. Tout d\u2019abord, vous commencerez par d\u00e9couvrir les technologies mises en \u0153uvre, ainsi que les connaissances de base n\u00e9cessaires. Vous travaillerez ensuite sur des projets de conception et r\u00e9aliserez des exp\u00e9riences afin de pouvoir inclure des contenus exigeants reposant sur des fondements scientifiques \u00e0 votre th\u00e8se ou \u00e0 votre m\u00e9moire.<\/p>\n<h4>Stages<\/h4>\n<p>Qu\u2019il s\u2019agisse d\u2019un stage volontaire ou d\u2019un stage obligatoire pr\u00e9vu par une universit\u00e9 ou une \u00e9cole sup\u00e9rieure, nous offrons \u00e0 tous les \u00e9tudiants un aper\u00e7u de nos passionnantes technologies et leur transmettons des connaissances de base ainsi que des contenus techniques.<\/p>\n<h4>Emplois \u00e9tudiants<\/h4>\n<p>Selon votre domaine de sp\u00e9cialit\u00e9, nous vous offrons la possibilit\u00e9 de travailler \u00e0 temps plein pendant les vacances ou \u00e0 temps partiel pendant le semestre afin d\u2019accomplir des missions qui compl\u00e8tent vos exp\u00e9riences pratiques tout en \u00e9tant adapt\u00e9es au contenu th\u00e9orique de votre cursus d\u2019\u00e9tudes. Vous pouvez \u00e9galement travailler en \u00e9tant \u00e9tranger au domaine afin d\u2019avoir un revenu suppl\u00e9mentaire.<\/p>\n<h4>PROCESSUS DE CANDIDATURE<\/h4>\n<h4>IWK Application Center<\/h4>\n<p>D\u00e9posez votre candidature dans notre <a href=\"https:\/\/jobs.atsautomation.com\/?locale=fr_FR\" style=\"color: #2160ab; font-weight: bold;\" target=\"_blank\" rel=\"noopener\">Application Center<\/a> en cliquant sur le bouton \u201ePostuler maintenant\u201c: dans l\u2019offre d\u2019emploi concern\u00e9e. Vous serez automatiquement redirig\u00e9(e) vers la page de notre soci\u00e9t\u00e9 m\u00e8re ATS Automation Tooling Systems Inc. Votre candidature sera ensuite transmise \u00e0 notre entreprise, IWK Verpackungstechnik GmbH. Remarque: Nous vous demandons de cr\u00e9er un compte si c\u2019est votre premi\u00e8re connexion.<br \/>\nVous pouvez \u00e9galement consulter notre <a href=\"https:\/\/iwk.de\/fr\/hi-and-welcome-to-iwk\/\" target=\"_blank\" rel=\"noopener\" style=\"color: #2160ab; \">Website<\/a> d\u00e9di\u00e9e aux \u00e9l\u00e8ves et \u00e9tudiants (jeunes professionnels).<\/p>\n<\/div>\n<\/details>\n<details>\n<summary>\u00c9L\u00c8VES<\/summary>\n<div class=\"faq__content\">\n<h4>Vue d&rsquo;ensemble des \u00e9tudes en alternance<\/h4>\n<p>Notre programme d\u2019\u00e9tudes en alternance comprend des p\u00e9riodes d\u2019alternance de 12 semaines entre apprentissage th\u00e9orique \u00e0 la Dualen Hochschule Karlsruhe et exp\u00e9rience pratique dans les services sp\u00e9cialis\u00e9s de l\u2019entreprise.<\/p>\n<ul>\n<li>Cursus en \u00e9lectrotechnique<\/li>\n<li>Cursus en informatique<\/li>\n<li>Cursus en m\u00e9canique<\/li>\n<li>Cursus en techniques de l\u2019ing\u00e9nieur<\/li>\n<\/ul>\n<h4>Formations professionnelles<\/h4>\n<ul>\n<li>\u00c9lectronicien en technologie d\u2019automatisation<\/li>\n<li>M\u00e9catronicien<\/li>\n<li>M\u00e9canicien industriel<\/li>\n<\/ul>\n<p>Toutes les formations professionnelles durent 3 ans et demi; elles ont lieu en \u00e9cole professionnelle et en entreprise.<br \/>\nLes formations chez IWK offrent d\u2019excellentes opportunit\u00e9s en fin de cycle d\u2019apprentissage. En outre, elles ouvrent d\u2019excellentes perspectives professionnelles et permettent tr\u00e8s t\u00f4t de r\u00e9aliser un s\u00e9jour \u00e0 l\u2019\u00e9tranger dans l\u2019une de nos filiales. L\u2019exp\u00e9rience acquise associ\u00e9e \u00e0 tes connaissances th\u00e9oriques constitue la base id\u00e9ale pour ta vie professionnelle.<br \/>\nNous proposons \u00e9galement des stages en immersion professionnelle (stages BOGY et BORS en Allemagne), ainsi que des journ\u00e9es d\u2019initiation et des s\u00e9ances d\u2019information.<\/p>\n<h4>PROCESSUS DE CANDIDATURE<\/h4>\n<h4>IWK Application Center<\/h4>\n<p>D\u00e9posez votre candidature dans notre <a href=\"https:\/\/jobs.atsautomation.com\/?locale=fr_FR\" target=\"_blank\" rel=\"noopener\" style=\"color: #2160ab; font-weight: bold;\">Application Center<\/a> en cliquant sur le bouton \u201ePostuler maintenant\u201c: dans l\u2019offre d\u2019emploi concern\u00e9e. Vous serez automatiquement redirig\u00e9(e) vers la page de notre soci\u00e9t\u00e9 m\u00e8re ATS Automation Tooling Systems Inc. Votre candidature sera ensuite transmise \u00e0 notre entreprise, IWK Verpackungstechnik GmbH. Remarque: Nous vous demandons de cr\u00e9er un compte si c\u2019est votre premi\u00e8re connexion.<br \/>\nVous pouvez \u00e9galement consulter notre <a href=\"https:\/\/iwk.de\/fr\/hi-and-welcome-to-iwk\/\" target=\"_blank\" rel=\"noopener\" style=\"color: #2160ab; \">Website<\/a> d\u00e9di\u00e9e aux \u00e9l\u00e8ves et \u00e9tudiants (jeunes professionnels).<\/p>\n<\/div>\n<\/details>\n<p>&nbsp;<\/p>\n<p><a class=\"backLink\" href=\"https:\/\/iwk.de\/fr\/carriere\/\" target=\"_self\" rel=\"noopener\">RETOUR VERS \u201eCARRI\u00c8RE\u201c<\/a><\/p>\n<\/div>\n<\/div>\n","protected":false},"excerpt":{"rendered":"<p>\u00c9TUDIANTS M\u00e9moires de licence et de mater, projets de recherche Nos diff\u00e9rents services sp\u00e9cialis\u00e9s vous proposent des th\u00e8mes passionnants et exigeants pour r\u00e9diger votre m\u00e9moire de licence et de master. Tout d\u2019abord, vous commencerez par d\u00e9couvrir les technologies mises en \u0153uvre, ainsi que les connaissances de base n\u00e9cessaires. Vous travaillerez ensuite sur des projets de&#8230;<\/p>\n<div class=\"post-button\"><a href=\"https:\/\/vipgo.atsautomation.com\/iwk-de\/fr\/%20%20\/carriere\/etudiants-et-eleves\/\">Read More<\/a><\/div>\n","protected":false},"author":72,"featured_media":2113,"parent":2867,"menu_order":0,"comment_status":"closed","ping_status":"closed","template":"","meta":{"inline_featured_image":false,"footnotes":""},"class_list":["post-6245","page","type-page","status-publish","has-post-thumbnail","hentry"],"yoast_head":"<!-- This site is optimized with the Yoast SEO Premium plugin v26.8 (Yoast SEO v26.8) - https:\/\/yoast.com\/product\/yoast-seo-premium-wordpress\/ -->\n<title>\u00c9TUDIANTS ET \u00c9L\u00c8VES - Innovative And Customized Manufacturing Solutions<\/title>\n<meta name=\"robots\" content=\"index, follow, max-snippet:-1, max-image-preview:large, max-video-preview:-1\" \/>\n<link rel=\"canonical\" href=\"https:\/\/vipgo.atsautomation.com\/iwk-de\/fr\/%20%20\/carriere\/etudiants-et-eleves\/\" \/>\n<meta property=\"og:locale\" content=\"fr_FR\" \/>\n<meta property=\"og:type\" content=\"article\" \/>\n<meta property=\"og:title\" content=\"\u00c9TUDIANTS ET \u00c9L\u00c8VES\" \/>\n<meta property=\"og:description\" content=\"\u00c9TUDIANTS M\u00e9moires de licence et de mater, projets de recherche Nos diff\u00e9rents services sp\u00e9cialis\u00e9s vous proposent des th\u00e8mes passionnants et exigeants pour r\u00e9diger votre m\u00e9moire de licence et de master. Tout d\u2019abord, vous commencerez par d\u00e9couvrir les technologies mises en \u0153uvre, ainsi que les connaissances de base n\u00e9cessaires. Vous travaillerez ensuite sur des projets de...Read More\" \/>\n<meta property=\"og:url\" content=\"https:\/\/vipgo.atsautomation.com\/iwk-de\/fr\/  \/carriere\/etudiants-et-eleves\/\" \/>\n<meta property=\"og:site_name\" content=\"Innovative And Customized Manufacturing Solutions\" \/>\n<meta property=\"article:modified_time\" content=\"2021-06-23T13:07:20+00:00\" \/>\n<meta property=\"og:image\" content=\"https:\/\/vipgo.atsautomation.com\/iwk-de\/%20%20\/wp-content\/uploads\/sites\/22\/2021\/01\/career.jpg\" \/>\n\t<meta property=\"og:image:width\" content=\"1895\" \/>\n\t<meta property=\"og:image:height\" content=\"727\" \/>\n\t<meta property=\"og:image:type\" content=\"image\/jpeg\" \/>\n<meta name=\"twitter:card\" content=\"summary_large_image\" \/>\n<meta name=\"twitter:label1\" content=\"Dur\u00e9e de lecture estim\u00e9e\" \/>\n\t<meta name=\"twitter:data1\" content=\"3 minutes\" \/>\n<script type=\"application\/ld+json\" class=\"yoast-schema-graph\">{\"@context\":\"https:\/\/schema.org\",\"@graph\":[{\"@type\":\"WebPage\",\"@id\":\"https:\/\/vipgo.atsautomation.com\/iwk-de\/fr\/%20%20\/carriere\/etudiants-et-eleves\/\",\"url\":\"https:\/\/vipgo.atsautomation.com\/iwk-de\/fr\/%20%20\/carriere\/etudiants-et-eleves\/\",\"name\":\"\u00c9TUDIANTS ET \u00c9L\u00c8VES - Innovative And Customized Manufacturing Solutions\",\"isPartOf\":{\"@id\":\"https:\/\/vipgo.atsautomation.com\/iwk-de\/%20%20\/#website\"},\"primaryImageOfPage\":{\"@id\":\"https:\/\/vipgo.atsautomation.com\/iwk-de\/fr\/%20%20\/carriere\/etudiants-et-eleves\/#primaryimage\"},\"image\":{\"@id\":\"https:\/\/vipgo.atsautomation.com\/iwk-de\/fr\/%20%20\/carriere\/etudiants-et-eleves\/#primaryimage\"},\"thumbnailUrl\":\"https:\/\/vipgo.atsautomation.com\/iwk-de\/%20%20\/wp-content\/uploads\/sites\/22\/2021\/01\/career.jpg\",\"datePublished\":\"2021-03-24T18:13:07+00:00\",\"dateModified\":\"2021-06-23T13:07:20+00:00\",\"breadcrumb\":{\"@id\":\"https:\/\/vipgo.atsautomation.com\/iwk-de\/fr\/%20%20\/carriere\/etudiants-et-eleves\/#breadcrumb\"},\"inLanguage\":\"fr-FR\",\"potentialAction\":[{\"@type\":\"ReadAction\",\"target\":[\"https:\/\/vipgo.atsautomation.com\/iwk-de\/fr\/%20%20\/carriere\/etudiants-et-eleves\/\"]}]},{\"@type\":\"ImageObject\",\"inLanguage\":\"fr-FR\",\"@id\":\"https:\/\/vipgo.atsautomation.com\/iwk-de\/fr\/%20%20\/carriere\/etudiants-et-eleves\/#primaryimage\",\"url\":\"https:\/\/vipgo.atsautomation.com\/iwk-de\/%20%20\/wp-content\/uploads\/sites\/22\/2021\/01\/career.jpg\",\"contentUrl\":\"https:\/\/vipgo.atsautomation.com\/iwk-de\/%20%20\/wp-content\/uploads\/sites\/22\/2021\/01\/career.jpg\",\"width\":1895,\"height\":727},{\"@type\":\"BreadcrumbList\",\"@id\":\"https:\/\/vipgo.atsautomation.com\/iwk-de\/fr\/%20%20\/carriere\/etudiants-et-eleves\/#breadcrumb\",\"itemListElement\":[{\"@type\":\"ListItem\",\"position\":1,\"name\":\"HOME\",\"item\":\"https:\/\/vipgo.atsautomation.com\/iwk-de\/fr\/%20%20\/\"},{\"@type\":\"ListItem\",\"position\":2,\"name\":\"CARRI\u00c8RE\",\"item\":\"https:\/\/vipgo.atsautomation.com\/iwk-de\/fr\/%20%20\/carriere\/\"},{\"@type\":\"ListItem\",\"position\":3,\"name\":\"\u00c9TUDIANTS ET \u00c9L\u00c8VES\"}]},{\"@type\":\"WebSite\",\"@id\":\"https:\/\/vipgo.atsautomation.com\/iwk-de\/%20%20\/#website\",\"url\":\"https:\/\/vipgo.atsautomation.com\/iwk-de\/%20%20\/\",\"name\":\"Innovative And Customized Manufacturing Solutions\",\"description\":\"\",\"publisher\":{\"@id\":\"https:\/\/vipgo.atsautomation.com\/iwk-de\/%20%20\/#organization\"},\"potentialAction\":[{\"@type\":\"SearchAction\",\"target\":{\"@type\":\"EntryPoint\",\"urlTemplate\":\"https:\/\/vipgo.atsautomation.com\/iwk-de\/%20%20\/?s={search_term_string}\"},\"query-input\":{\"@type\":\"PropertyValueSpecification\",\"valueRequired\":true,\"valueName\":\"search_term_string\"}}],\"inLanguage\":\"fr-FR\"},{\"@type\":\"Organization\",\"@id\":\"https:\/\/vipgo.atsautomation.com\/iwk-de\/%20%20\/#organization\",\"name\":\"Innovative And Customized Manufacturing Solutions\",\"url\":\"https:\/\/vipgo.atsautomation.com\/iwk-de\/%20%20\/\",\"logo\":{\"@type\":\"ImageObject\",\"inLanguage\":\"fr-FR\",\"@id\":\"https:\/\/vipgo.atsautomation.com\/iwk-de\/%20%20\/#\/schema\/logo\/image\/\",\"url\":\"https:\/\/vipgo.atsautomation.com\/iwk-de\/%20%20\/wp-content\/uploads\/sites\/22\/2023\/02\/LOGO_IWK_4c_Size_2.png\",\"contentUrl\":\"https:\/\/vipgo.atsautomation.com\/iwk-de\/%20%20\/wp-content\/uploads\/sites\/22\/2023\/02\/LOGO_IWK_4c_Size_2.png\",\"width\":238,\"height\":137,\"caption\":\"Innovative And Customized Manufacturing Solutions\"},\"image\":{\"@id\":\"https:\/\/vipgo.atsautomation.com\/iwk-de\/%20%20\/#\/schema\/logo\/image\/\"}}]}<\/script>\n<!-- \/ Yoast SEO Premium plugin. -->","yoast_head_json":{"title":"\u00c9TUDIANTS ET \u00c9L\u00c8VES - Innovative And Customized Manufacturing Solutions","robots":{"index":"index","follow":"follow","max-snippet":"max-snippet:-1","max-image-preview":"max-image-preview:large","max-video-preview":"max-video-preview:-1"},"canonical":"https:\/\/vipgo.atsautomation.com\/iwk-de\/fr\/  \/carriere\/etudiants-et-eleves\/","og_locale":"fr_FR","og_type":"article","og_title":"\u00c9TUDIANTS ET \u00c9L\u00c8VES","og_description":"\u00c9TUDIANTS M\u00e9moires de licence et de mater, projets de recherche Nos diff\u00e9rents services sp\u00e9cialis\u00e9s vous proposent des th\u00e8mes passionnants et exigeants pour r\u00e9diger votre m\u00e9moire de licence et de master. Tout d\u2019abord, vous commencerez par d\u00e9couvrir les technologies mises en \u0153uvre, ainsi que les connaissances de base n\u00e9cessaires. Vous travaillerez ensuite sur des projets de...Read More","og_url":"https:\/\/vipgo.atsautomation.com\/iwk-de\/fr\/  \/carriere\/etudiants-et-eleves\/","og_site_name":"Innovative And Customized Manufacturing Solutions","article_modified_time":"2021-06-23T13:07:20+00:00","og_image":[{"width":1895,"height":727,"url":"https:\/\/vipgo.atsautomation.com\/iwk-de\/%20%20\/wp-content\/uploads\/sites\/22\/2021\/01\/career.jpg","type":"image\/jpeg"}],"twitter_card":"summary_large_image","twitter_misc":{"Dur\u00e9e de lecture estim\u00e9e":"3 minutes"},"schema":{"@context":"https:\/\/schema.org","@graph":[{"@type":"WebPage","@id":"https:\/\/vipgo.atsautomation.com\/iwk-de\/fr\/%20%20\/carriere\/etudiants-et-eleves\/","url":"https:\/\/vipgo.atsautomation.com\/iwk-de\/fr\/%20%20\/carriere\/etudiants-et-eleves\/","name":"\u00c9TUDIANTS ET \u00c9L\u00c8VES - Innovative And Customized Manufacturing Solutions","isPartOf":{"@id":"https:\/\/vipgo.atsautomation.com\/iwk-de\/%20%20\/#website"},"primaryImageOfPage":{"@id":"https:\/\/vipgo.atsautomation.com\/iwk-de\/fr\/%20%20\/carriere\/etudiants-et-eleves\/#primaryimage"},"image":{"@id":"https:\/\/vipgo.atsautomation.com\/iwk-de\/fr\/%20%20\/carriere\/etudiants-et-eleves\/#primaryimage"},"thumbnailUrl":"https:\/\/vipgo.atsautomation.com\/iwk-de\/%20%20\/wp-content\/uploads\/sites\/22\/2021\/01\/career.jpg","datePublished":"2021-03-24T18:13:07+00:00","dateModified":"2021-06-23T13:07:20+00:00","breadcrumb":{"@id":"https:\/\/vipgo.atsautomation.com\/iwk-de\/fr\/%20%20\/carriere\/etudiants-et-eleves\/#breadcrumb"},"inLanguage":"fr-FR","potentialAction":[{"@type":"ReadAction","target":["https:\/\/vipgo.atsautomation.com\/iwk-de\/fr\/%20%20\/carriere\/etudiants-et-eleves\/"]}]},{"@type":"ImageObject","inLanguage":"fr-FR","@id":"https:\/\/vipgo.atsautomation.com\/iwk-de\/fr\/%20%20\/carriere\/etudiants-et-eleves\/#primaryimage","url":"https:\/\/vipgo.atsautomation.com\/iwk-de\/%20%20\/wp-content\/uploads\/sites\/22\/2021\/01\/career.jpg","contentUrl":"https:\/\/vipgo.atsautomation.com\/iwk-de\/%20%20\/wp-content\/uploads\/sites\/22\/2021\/01\/career.jpg","width":1895,"height":727},{"@type":"BreadcrumbList","@id":"https:\/\/vipgo.atsautomation.com\/iwk-de\/fr\/%20%20\/carriere\/etudiants-et-eleves\/#breadcrumb","itemListElement":[{"@type":"ListItem","position":1,"name":"HOME","item":"https:\/\/vipgo.atsautomation.com\/iwk-de\/fr\/%20%20\/"},{"@type":"ListItem","position":2,"name":"CARRI\u00c8RE","item":"https:\/\/vipgo.atsautomation.com\/iwk-de\/fr\/%20%20\/carriere\/"},{"@type":"ListItem","position":3,"name":"\u00c9TUDIANTS ET \u00c9L\u00c8VES"}]},{"@type":"WebSite","@id":"https:\/\/vipgo.atsautomation.com\/iwk-de\/%20%20\/#website","url":"https:\/\/vipgo.atsautomation.com\/iwk-de\/%20%20\/","name":"Innovative And Customized Manufacturing Solutions","description":"","publisher":{"@id":"https:\/\/vipgo.atsautomation.com\/iwk-de\/%20%20\/#organization"},"potentialAction":[{"@type":"SearchAction","target":{"@type":"EntryPoint","urlTemplate":"https:\/\/vipgo.atsautomation.com\/iwk-de\/%20%20\/?s={search_term_string}"},"query-input":{"@type":"PropertyValueSpecification","valueRequired":true,"valueName":"search_term_string"}}],"inLanguage":"fr-FR"},{"@type":"Organization","@id":"https:\/\/vipgo.atsautomation.com\/iwk-de\/%20%20\/#organization","name":"Innovative And Customized Manufacturing Solutions","url":"https:\/\/vipgo.atsautomation.com\/iwk-de\/%20%20\/","logo":{"@type":"ImageObject","inLanguage":"fr-FR","@id":"https:\/\/vipgo.atsautomation.com\/iwk-de\/%20%20\/#\/schema\/logo\/image\/","url":"https:\/\/vipgo.atsautomation.com\/iwk-de\/%20%20\/wp-content\/uploads\/sites\/22\/2023\/02\/LOGO_IWK_4c_Size_2.png","contentUrl":"https:\/\/vipgo.atsautomation.com\/iwk-de\/%20%20\/wp-content\/uploads\/sites\/22\/2023\/02\/LOGO_IWK_4c_Size_2.png","width":238,"height":137,"caption":"Innovative And Customized Manufacturing Solutions"},"image":{"@id":"https:\/\/vipgo.atsautomation.com\/iwk-de\/%20%20\/#\/schema\/logo\/image\/"}}]}},"jetpack_sharing_enabled":true,"_links":{"self":[{"href":"https:\/\/vipgo.atsautomation.com\/iwk-de\/fr\/%20%20\/wp-json\/wp\/v2\/pages\/6245","targetHints":{"allow":["GET"]}}],"collection":[{"href":"https:\/\/vipgo.atsautomation.com\/iwk-de\/fr\/%20%20\/wp-json\/wp\/v2\/pages"}],"about":[{"href":"https:\/\/vipgo.atsautomation.com\/iwk-de\/fr\/%20%20\/wp-json\/wp\/v2\/types\/page"}],"author":[{"embeddable":true,"href":"https:\/\/vipgo.atsautomation.com\/iwk-de\/fr\/%20%20\/wp-json\/wp\/v2\/users\/72"}],"replies":[{"embeddable":true,"href":"https:\/\/vipgo.atsautomation.com\/iwk-de\/fr\/%20%20\/wp-json\/wp\/v2\/comments?post=6245"}],"version-history":[{"count":4,"href":"https:\/\/vipgo.atsautomation.com\/iwk-de\/fr\/%20%20\/wp-json\/wp\/v2\/pages\/6245\/revisions"}],"predecessor-version":[{"id":6871,"href":"https:\/\/vipgo.atsautomation.com\/iwk-de\/fr\/%20%20\/wp-json\/wp\/v2\/pages\/6245\/revisions\/6871"}],"up":[{"embeddable":true,"href":"https:\/\/vipgo.atsautomation.com\/iwk-de\/fr\/%20%20\/wp-json\/wp\/v2\/pages\/2867"}],"wp:featuredmedia":[{"embeddable":true,"href":"https:\/\/vipgo.atsautomation.com\/iwk-de\/fr\/%20%20\/wp-json\/wp\/v2\/media\/2113"}],"wp:attachment":[{"href":"https:\/\/vipgo.atsautomation.com\/iwk-de\/fr\/%20%20\/wp-json\/wp\/v2\/media?parent=6245"}],"curies":[{"name":"wp","href":"https:\/\/api.w.org\/{rel}","templated":true}]}}